CRAN Package Check Results for Package NMF

Last updated on 2025-07-22 07:49:46 CEST.

Flavor Version Tinstall Tcheck Ttotal Status Flags
r-devel-linux-x86_64-debian-clang 0.28 35.78 579.57 615.35 OK
r-devel-linux-x86_64-debian-gcc 0.28 22.55 402.37 424.92 OK
r-devel-linux-x86_64-fedora-clang 0.28 961.41 OK
r-devel-linux-x86_64-fedora-gcc 0.28 935.55 OK
r-devel-windows-x86_64 0.28 38.00 569.00 607.00 OK
r-patched-linux-x86_64 0.28 37.45 554.61 592.06 OK
r-release-linux-x86_64 0.28 31.53 551.95 583.48 OK
r-release-macos-arm64 0.28 291.00 OK
r-release-macos-x86_64 0.28 491.00 OK
r-release-windows-x86_64 0.28 37.00 577.00 614.00 OK
r-oldrel-macos-arm64 0.28 318.00 NOTE
r-oldrel-macos-x86_64 0.28 941.00 NOTE
r-oldrel-windows-x86_64 0.28 48.00 747.00 795.00 OK

Check Details

Version: 0.28
Check: package dependencies
Result: NOTE Package suggested but not available for checking: ‘doMPI’ Flavors: r-oldrel-macos-arm64, r-oldrel-macos-x86_64

These binaries (installable software) and packages are in development.
They may not be fully stable and should be used with caution. We make no claims about them.