CRAN Package Check Results for Package NMF

Last updated on 2025-05-01 08:52:39 CEST.

Flavor Version Tinstall Tcheck Ttotal Status Flags
r-devel-linux-x86_64-debian-clang 0.28 34.75 583.44 618.19 NOTE
r-devel-linux-x86_64-debian-gcc 0.28 21.99 410.25 432.24 OK
r-devel-linux-x86_64-fedora-clang 0.28 1036.92 OK
r-devel-linux-x86_64-fedora-gcc 0.28 933.57 OK
r-devel-windows-x86_64 0.28 37.00 575.00 612.00 OK
r-patched-linux-x86_64 0.28 34.36 550.76 585.12 OK
r-release-linux-x86_64 OK
r-release-macos-arm64 0.28 291.00 OK
r-release-macos-x86_64 0.28 491.00 OK
r-release-windows-x86_64 0.28 39.00 573.00 612.00 OK
r-oldrel-macos-arm64 0.28 318.00 NOTE
r-oldrel-macos-x86_64 0.28 941.00 NOTE
r-oldrel-windows-x86_64 0.28 44.00 768.00 812.00 OK

Check Details

Version: 0.28
Check: examples
Result: NOTE Examples with CPU (user + system) or elapsed time > 5s user system elapsed profplot 5.221 0.586 6.506 silhouette.NMF 4.375 0.754 5.871 types 3.520 0.521 5.097 Flavor: r-devel-linux-x86_64-debian-clang

Version: 0.28
Check: package dependencies
Result: NOTE Package suggested but not available for checking: ‘doMPI’ Flavors: r-oldrel-macos-arm64, r-oldrel-macos-x86_64

These binaries (installable software) and packages are in development.
They may not be fully stable and should be used with caution. We make no claims about them.