CRAN Package Check Results for Package PCMBaseCpp

Last updated on 2025-10-03 07:49:50 CEST.

Flavor Version Tinstall Tcheck Ttotal Status Flags
r-devel-linux-x86_64-debian-clang 0.1.11 117.24 345.82 463.06 OK
r-devel-linux-x86_64-debian-gcc 0.1.11 96.55 210.78 307.33 OK
r-devel-linux-x86_64-fedora-clang 0.1.11 717.52 OK
r-devel-linux-x86_64-fedora-gcc 0.1.11 801.75 OK
r-devel-windows-x86_64 0.1.11 128.00 298.00 426.00 OK
r-patched-linux-x86_64 0.1.11 140.33 316.97 457.30 OK
r-release-linux-x86_64 0.1.11 135.35 319.36 454.71 OK
r-release-macos-arm64 0.1.11 157.00 OK
r-release-macos-x86_64 0.1.11 350.00 OK
r-release-windows-x86_64 0.1.11 127.00 298.00 425.00 OK
r-oldrel-macos-arm64 0.1.11 175.00 NOTE
r-oldrel-macos-x86_64 0.1.11 398.00 NOTE
r-oldrel-windows-x86_64 0.1.11 159.00 428.00 587.00 OK

Check Details

Version: 0.1.11
Check: installed package size
Result: NOTE installed size is 35.6Mb sub-directories of 1Mb or more: libs 34.5Mb Flavors: r-oldrel-macos-arm64, r-oldrel-macos-x86_64

These binaries (installable software) and packages are in development.
They may not be fully stable and should be used with caution. We make no claims about them.