Last updated on 2025-11-11 15:50:42 CET.
| Flavor | Version | Tinstall | Tcheck | Ttotal | Status | Flags |
|---|---|---|---|---|---|---|
| r-devel-linux-x86_64-debian-clang | 0.1.11 | 119.98 | 342.70 | 462.68 | OK | |
| r-devel-linux-x86_64-debian-gcc | 0.1.11 | 100.83 | 206.00 | 306.83 | OK | |
| r-devel-linux-x86_64-fedora-clang | 0.1.11 | 250.00 | 480.71 | 730.71 | OK | |
| r-devel-linux-x86_64-fedora-gcc | 0.1.11 | 338.00 | 445.44 | 783.44 | OK | |
| r-devel-windows-x86_64 | 0.1.11 | 126.00 | 312.00 | 438.00 | OK | |
| r-patched-linux-x86_64 | 0.1.11 | 133.61 | 318.87 | 452.48 | OK | |
| r-release-linux-x86_64 | 0.1.11 | 125.37 | 323.87 | 449.24 | OK | |
| r-release-macos-arm64 | 0.1.11 | 57.00 | 100.00 | 157.00 | OK | |
| r-release-macos-x86_64 | 0.1.11 | 155.00 | 195.00 | 350.00 | OK | |
| r-release-windows-x86_64 | 0.1.11 | 123.00 | 293.00 | 416.00 | OK | |
| r-oldrel-macos-arm64 | 0.1.11 | 54.00 | 121.00 | 175.00 | NOTE | |
| r-oldrel-macos-x86_64 | 0.1.11 | 129.00 | 269.00 | 398.00 | NOTE | |
| r-oldrel-windows-x86_64 | 0.1.11 | 159.00 | 444.00 | 603.00 | OK |
Version: 0.1.11
Check: installed package size
Result: NOTE
installed size is 35.6Mb
sub-directories of 1Mb or more:
libs 34.5Mb
Flavors: r-oldrel-macos-arm64, r-oldrel-macos-x86_64
These binaries (installable software) and packages are in development.
They may not be fully stable and should be used with caution. We make no claims about them.