Last updated on 2025-10-23 11:50:22 CEST.
Flavor | Version | Tinstall | Tcheck | Ttotal | Status | Flags |
---|---|---|---|---|---|---|
r-devel-linux-x86_64-debian-clang | 1.0.1 | 29.36 | 349.92 | 379.28 | OK | |
r-devel-linux-x86_64-debian-gcc | 1.0.1 | 22.98 | 227.72 | 250.70 | OK | |
r-devel-linux-x86_64-fedora-clang | 1.0.1 | 66.00 | 511.58 | 577.58 | OK | |
r-devel-linux-x86_64-fedora-gcc | 1.0.1 | 60.00 | 515.27 | 575.27 | OK | |
r-devel-windows-x86_64 | 1.0.1 | 32.00 | 248.00 | 280.00 | OK | |
r-patched-linux-x86_64 | 1.0.1 | 29.66 | 340.47 | 370.13 | OK | |
r-release-linux-x86_64 | 1.0.1 | 27.71 | 337.10 | 364.81 | OK | |
r-release-macos-arm64 | 1.0.1 | 20.00 | 120.00 | 140.00 | OK | |
r-release-macos-x86_64 | 1.0.1 | 27.00 | 243.00 | 270.00 | OK | |
r-release-windows-x86_64 | 1.0.1 | 32.00 | 252.00 | 284.00 | OK | |
r-oldrel-macos-arm64 | 1.0.1 | 19.00 | 130.00 | 149.00 | NOTE | |
r-oldrel-macos-x86_64 | 1.0.1 | 28.00 | 267.00 | 295.00 | NOTE | |
r-oldrel-windows-x86_64 | 1.0.1 | 41.00 | 389.00 | 430.00 | OK |
Version: 1.0.1
Check: installed package size
Result: NOTE
installed size is 5.3Mb
sub-directories of 1Mb or more:
R 4.1Mb
Flavors: r-oldrel-macos-arm64, r-oldrel-macos-x86_64
These binaries (installable software) and packages are in development.
They may not be fully stable and should be used with caution. We make no claims about them.