CRAN Package Check Results for Package PHSMM

Last updated on 2025-05-08 04:52:13 CEST.

Flavor Version Tinstall Tcheck Ttotal Status Flags
r-devel-linux-x86_64-debian-clang 1.0 20.80 26.15 46.95 NOTE
r-devel-linux-x86_64-debian-gcc 1.0 12.88 20.86 33.74 NOTE
r-devel-linux-x86_64-fedora-clang 1.0 84.96 OK
r-devel-linux-x86_64-fedora-gcc 1.0 79.11 OK
r-devel-windows-x86_64 1.0 26.00 72.00 98.00 OK
r-patched-linux-x86_64 1.0 19.98 25.49 45.47 OK
r-release-linux-x86_64 1.0 19.25 25.29 44.54 OK
r-release-macos-arm64 1.0 28.00 OK
r-release-macos-x86_64 1.0 42.00 OK
r-release-windows-x86_64 1.0 25.00 74.00 99.00 OK
r-oldrel-macos-arm64 1.0 26.00 OK
r-oldrel-macos-x86_64 1.0 56.00 OK
r-oldrel-windows-x86_64 1.0 28.00 80.00 108.00 OK

Check Details

Version: 1.0
Check: CRAN incoming feasibility
Result: NOTE Maintainer: ‘Jennifer Pohle <jennifer.pohle@uni-bielefeld.de>’ No Authors@R field in DESCRIPTION. Please add one, modifying Authors@R: person(given = "Jennifer", family = "Pohle", role = c("aut", "cre"), email = "jennifer.pohle@uni-bielefeld.de") as necessary. The Description field contains hidden semi-Markov models. <arXiv:2101.09197>. Please refer to arXiv e-prints via their arXiv DOI <doi:10.48550/arXiv.YYMM.NNNNN>. Flavors: r-devel-linux-x86_64-debian-clang, r-devel-linux-x86_64-debian-gcc

These binaries (installable software) and packages are in development.
They may not be fully stable and should be used with caution. We make no claims about them.