Last updated on 2024-07-27 15:50:30 CEST.
Flavor | Version | Tinstall | Tcheck | Ttotal | Status | Flags |
---|---|---|---|---|---|---|
r-devel-linux-x86_64-debian-clang | 1.3.0.1 | 32.67 | 100.23 | 132.90 | OK | |
r-devel-linux-x86_64-debian-gcc | 1.3.0.1 | OK | ||||
r-devel-linux-x86_64-fedora-clang | 1.3.0.1 | 175.57 | NOTE | |||
r-devel-linux-x86_64-fedora-gcc | 1.3.0.1 | 168.38 | NOTE | |||
r-devel-windows-x86_64 | 1.3.0.1 | 23.00 | 107.00 | 130.00 | OK | |
r-patched-linux-x86_64 | 1.3.0.1 | OK | ||||
r-release-linux-x86_64 | 1.3.0.1 | 25.37 | 93.25 | 118.62 | OK | |
r-release-macos-arm64 | 1.3.0.1 | 48.00 | OK | |||
r-release-macos-x86_64 | 1.3.0.1 | 104.00 | OK | |||
r-release-windows-x86_64 | 1.3.0.1 | 22.00 | 107.00 | 129.00 | OK | |
r-oldrel-macos-arm64 | 1.3.0.1 | 50.00 | OK | |||
r-oldrel-macos-x86_64 | 1.3.0.1 | 81.00 | OK | |||
r-oldrel-windows-x86_64 | 1.3.0.1 | 27.00 | 126.00 | 153.00 | OK |
Version: 1.3.0.1
Check: installed package size
Result: NOTE
installed size is 5.1Mb
sub-directories of 1Mb or more:
libs 4.8Mb
Flavor: r-devel-linux-x86_64-fedora-clang
Version: 1.3.0.1
Check: compiled code
Result: NOTE
File ‘PWEALL/libs/PWEALL.so’:
Found no calls to: ‘R_registerRoutines’, ‘R_useDynamicSymbols’
It is good practice to register native routines and to disable symbol
search.
See ‘Writing portable packages’ in the ‘Writing R Extensions’ manual.
Flavors: r-devel-linux-x86_64-fedora-clang, r-devel-linux-x86_64-fedora-gcc
These binaries (installable software) and packages are in development.
They may not be fully stable and should be used with caution. We make no claims about them.