Last updated on 2025-02-16 10:50:54 CET.
Flavor | Version | Tinstall | Tcheck | Ttotal | Status | Flags |
---|---|---|---|---|---|---|
r-devel-linux-x86_64-debian-clang | 2.1 | 34.71 | 62.55 | 97.26 | OK | |
r-devel-linux-x86_64-debian-gcc | 2.1 | 23.22 | 45.19 | 68.41 | OK | |
r-devel-linux-x86_64-fedora-clang | 2.1 | 175.94 | OK | |||
r-devel-linux-x86_64-fedora-gcc | 2.1 | 161.99 | OK | |||
r-devel-macos-arm64 | 2.1 | 46.00 | OK | |||
r-devel-macos-x86_64 | 2.1 | 96.00 | OK | |||
r-devel-windows-x86_64 | 2.1 | 35.00 | 105.00 | 140.00 | OK | |
r-patched-linux-x86_64 | 2.1 | 32.06 | 58.51 | 90.57 | NOTE | |
r-release-linux-x86_64 | 2.1 | 32.00 | 58.53 | 90.53 | NOTE | |
r-release-macos-arm64 | 2.1 | 45.00 | NOTE | |||
r-release-macos-x86_64 | 2.1 | 75.00 | NOTE | |||
r-release-windows-x86_64 | 2.1 | 32.00 | 109.00 | 141.00 | NOTE | |
r-oldrel-macos-arm64 | 2.1 | 53.00 | NOTE | |||
r-oldrel-macos-x86_64 | 2.1 | 86.00 | NOTE | |||
r-oldrel-windows-x86_64 | 2.1 | 43.00 | 138.00 | 181.00 | NOTE |
Version: 2.1
Check: LazyData
Result: NOTE
'LazyData' is specified without a 'data' directory
Flavors: r-patched-linux-x86_64, r-release-linux-x86_64, r-release-macos-arm64, r-release-macos-x86_64, r-release-windows-x86_64, r-oldrel-macos-arm64, r-oldrel-macos-x86_64, r-oldrel-windows-x86_64
These binaries (installable software) and packages are in development.
They may not be fully stable and should be used with caution. We make no claims about them.