CRAN Package Check Results for Package Phase123

Last updated on 2025-07-27 09:50:26 CEST.

Flavor Version Tinstall Tcheck Ttotal Status Flags
r-devel-linux-x86_64-debian-clang 2.1 37.87 63.11 100.98 NOTE
r-devel-linux-x86_64-debian-gcc 2.1 23.63 47.83 71.46 NOTE
r-devel-linux-x86_64-fedora-clang 2.1 160.44 OK
r-devel-linux-x86_64-fedora-gcc 2.1 150.41 OK
r-devel-windows-x86_64 2.1 38.00 117.00 155.00 OK
r-patched-linux-x86_64 2.1 33.16 60.24 93.40 OK
r-release-linux-x86_64 2.1 32.22 59.64 91.86 OK
r-release-macos-arm64 2.1 49.00 OK
r-release-macos-x86_64 2.1 91.00 OK
r-release-windows-x86_64 2.1 37.00 105.00 142.00 OK
r-oldrel-macos-arm64 2.1 45.00 NOTE
r-oldrel-macos-x86_64 2.1 75.00 NOTE
r-oldrel-windows-x86_64 2.1 45.00 119.00 164.00 NOTE

Check Details

Version: 2.1
Check: CRAN incoming feasibility
Result: NOTE Maintainer: ‘Andrew G Chapple <achapp@lsuhsc.edu>’ No Authors@R field in DESCRIPTION. Please add one, modifying Authors@R: person(given = c("Andrew", "G"), family = "Chapple", role = c("aut", "cre"), email = "achapp@lsuhsc.edu") as necessary. Flavors: r-devel-linux-x86_64-debian-clang, r-devel-linux-x86_64-debian-gcc

Version: 2.1
Check: LazyData
Result: NOTE 'LazyData' is specified without a 'data' directory Flavors: r-oldrel-macos-arm64, r-oldrel-macos-x86_64, r-oldrel-windows-x86_64

These binaries (installable software) and packages are in development.
They may not be fully stable and should be used with caution. We make no claims about them.