Last updated on 2025-10-23 21:51:36 CEST.
Flavor | Version | Tinstall | Tcheck | Ttotal | Status | Flags |
---|---|---|---|---|---|---|
r-devel-linux-x86_64-debian-clang | 1.8.1 | 41.56 | 406.84 | 448.40 | NOTE | |
r-devel-linux-x86_64-debian-gcc | 1.8.1 | 28.11 | 269.69 | 297.80 | OK | |
r-devel-linux-x86_64-fedora-clang | 1.8.1 | 107.00 | 620.99 | 727.99 | OK | |
r-devel-linux-x86_64-fedora-gcc | 1.8.1 | 84.00 | 610.43 | 694.43 | OK | |
r-devel-windows-x86_64 | 1.8.1 | 46.00 | 373.00 | 419.00 | OK | |
r-patched-linux-x86_64 | 1.8.1 | 43.92 | 383.16 | 427.08 | OK | |
r-release-linux-x86_64 | 1.8.1 | 41.15 | 382.47 | 423.62 | OK | |
r-release-macos-arm64 | 1.8.1 | 16.00 | 161.00 | 177.00 | OK | |
r-release-macos-x86_64 | 1.8.1 | 67.00 | 540.00 | 607.00 | OK | |
r-release-windows-x86_64 | 1.8.1 | 51.00 | 372.00 | 423.00 | OK | |
r-oldrel-macos-arm64 | 1.8.1 | 16.00 | 157.00 | 173.00 | NOTE | |
r-oldrel-macos-x86_64 | 1.8.1 | 62.00 | 507.00 | 569.00 | NOTE | |
r-oldrel-windows-x86_64 | 1.8.1 | 61.00 | 506.00 | 567.00 | OK |
Version: 1.8.1
Check: HTML version of manual
Result: NOTE
Found the following HTML validation problems:
check_range_alpha.html:51:1 (check_range_alpha.Rd:12): Warning: missing </ul> before </div>
qr_solve_exact.html:58:1 (qr_solve_exact.Rd:16): Warning: missing </ul> before </div>
transform_shifts_values.html:62:1 (transform_shifts_values.Rd:17): Warning: missing </ul> before </div>
Flavor: r-devel-linux-x86_64-debian-clang
Version: 1.8.1
Check: installed package size
Result: NOTE
installed size is 5.1Mb
sub-directories of 1Mb or more:
libs 3.6Mb
Flavors: r-oldrel-macos-arm64, r-oldrel-macos-x86_64
These binaries (installable software) and packages are in development.
They may not be fully stable and should be used with caution. We make no claims about them.