Last updated on 2025-07-26 01:51:01 CEST.
Flavor | Version | Tinstall | Tcheck | Ttotal | Status | Flags |
---|---|---|---|---|---|---|
r-devel-linux-x86_64-debian-clang | 1.1 | 34.47 | 83.75 | 118.22 | OK | |
r-devel-linux-x86_64-debian-gcc | 1.1 | 22.36 | 58.47 | 80.83 | OK | |
r-devel-linux-x86_64-fedora-clang | 1.1 | 193.63 | OK | |||
r-devel-linux-x86_64-fedora-gcc | 1.1 | 179.76 | OK | |||
r-devel-windows-x86_64 | 1.1 | 38.00 | 122.00 | 160.00 | OK | |
r-release-macos-arm64 | 1.0 | 36.00 | OK | |||
r-release-macos-x86_64 | 1.1 | 109.00 | OK | |||
r-release-windows-x86_64 | 1.1 | 39.00 | 125.00 | 164.00 | OK | |
r-oldrel-macos-arm64 | 1.0 | 37.00 | NOTE | |||
r-oldrel-macos-x86_64 | 1.1 | 101.00 | OK | |||
r-oldrel-windows-x86_64 | 1.1 | 47.00 | 128.00 | 175.00 | OK |
Version: 1.0
Check: LazyData
Result: NOTE
'LazyData' is specified without a 'data' directory
Flavor: r-oldrel-macos-arm64
These binaries (installable software) and packages are in development.
They may not be fully stable and should be used with caution. We make no claims about them.