Last updated on 2025-07-22 19:51:58 CEST.
Flavor | Version | Tinstall | Tcheck | Ttotal | Status | Flags |
---|---|---|---|---|---|---|
r-devel-linux-x86_64-debian-clang | 1.2.9 | 318.47 | 531.40 | 849.87 | OK | |
r-devel-linux-x86_64-debian-gcc | 1.2.9 | 223.36 | 361.41 | 584.77 | OK | |
r-devel-linux-x86_64-fedora-clang | 1.2.9 | 1530.82 | OK | |||
r-devel-linux-x86_64-fedora-gcc | 1.2.9 | 1421.48 | OK | |||
r-devel-windows-x86_64 | 1.2.9 | 372.00 | 601.00 | 973.00 | OK | |
r-patched-linux-x86_64 | 1.2.9 | 315.68 | 523.14 | 838.82 | OK | |
r-release-linux-x86_64 | 1.2.9 | 311.46 | 519.73 | 831.19 | OK | |
r-release-macos-arm64 | 1.2.9 | 399.00 | OK | |||
r-release-macos-x86_64 | 1.2.9 | 666.00 | OK | |||
r-release-windows-x86_64 | 1.2.9 | 370.00 | 588.00 | 958.00 | OK | |
r-oldrel-macos-arm64 | 1.2.9 | 399.00 | NOTE | |||
r-oldrel-macos-x86_64 | 1.2.9 | 527.00 | NOTE | |||
r-oldrel-windows-x86_64 | 1.2.9 | 438.00 | 751.00 | 1189.00 | NOTE |
Version: 1.2.9
Check: installed package size
Result: NOTE
installed size is 25.1Mb
sub-directories of 1Mb or more:
doc 5.3Mb
htmlwidgets 1.8Mb
libs 16.0Mb
Flavors: r-oldrel-macos-arm64, r-oldrel-macos-x86_64, r-oldrel-windows-x86_64
These binaries (installable software) and packages are in development.
They may not be fully stable and should be used with caution. We make no claims about them.