Last updated on 2024-07-27 15:50:30 CEST.
Flavor | Version | Tinstall | Tcheck | Ttotal | Status | Flags |
---|---|---|---|---|---|---|
r-devel-linux-x86_64-debian-clang | 1.2.9 | 413.92 | 667.70 | 1081.62 | OK | |
r-devel-linux-x86_64-debian-gcc | 1.2.9 | OK | ||||
r-devel-linux-x86_64-fedora-clang | 1.2.9 | 1716.95 | NOTE | |||
r-devel-linux-x86_64-fedora-gcc | 1.2.9 | 1587.96 | OK | |||
r-devel-windows-x86_64 | 1.2.9 | 351.00 | 603.00 | 954.00 | NOTE | |
r-patched-linux-x86_64 | 1.2.9 | OK | ||||
r-release-linux-x86_64 | 1.2.9 | 349.81 | 671.80 | 1021.61 | OK | |
r-release-macos-arm64 | 1.2.9 | 399.00 | NOTE | |||
r-release-macos-x86_64 | 1.2.9 | 527.00 | NOTE | |||
r-release-windows-x86_64 | 1.2.9 | 433.00 | 602.00 | 1035.00 | NOTE | |
r-oldrel-macos-arm64 | 1.2.9 | 422.00 | NOTE | |||
r-oldrel-macos-x86_64 | 1.2.9 | 333.00 | NOTE | |||
r-oldrel-windows-x86_64 | 1.2.9 | 415.00 | 746.00 | 1161.00 | NOTE |
Version: 1.2.9
Check: installed package size
Result: NOTE
installed size is 10.8Mb
sub-directories of 1Mb or more:
doc 5.3Mb
htmlwidgets 1.8Mb
libs 1.5Mb
Flavors: r-devel-linux-x86_64-fedora-clang, r-devel-windows-x86_64, r-release-macos-arm64, r-release-macos-x86_64, r-release-windows-x86_64, r-oldrel-macos-arm64, r-oldrel-macos-x86_64, r-oldrel-windows-x86_64
These binaries (installable software) and packages are in development.
They may not be fully stable and should be used with caution. We make no claims about them.