CRAN Package Check Results for Package RepertoiR

Last updated on 2025-05-01 14:49:20 CEST.

Flavor Version Tinstall Tcheck Ttotal Status Flags
r-devel-linux-x86_64-debian-clang 0.0.1 3.96 52.33 56.29 NOTE
r-devel-linux-x86_64-debian-gcc 0.0.1 3.41 39.79 43.20 NOTE
r-devel-linux-x86_64-fedora-clang 0.0.1 87.44 NOTE
r-devel-linux-x86_64-fedora-gcc 0.0.1 83.91 NOTE
r-devel-windows-x86_64 0.0.1 6.00 65.00 71.00 NOTE
r-patched-linux-x86_64 0.0.1 4.06 49.17 53.23 NOTE
r-release-linux-x86_64 NOTE
r-release-macos-arm64 0.0.1 44.00 NOTE
r-release-macos-x86_64 0.0.1 74.00 NOTE
r-release-windows-x86_64 0.0.1 6.00 67.00 73.00 NOTE
r-oldrel-macos-arm64 0.0.1 26.00 NOTE
r-oldrel-macos-x86_64 0.0.1 39.00 NOTE
r-oldrel-windows-x86_64 0.0.1 6.00 77.00 83.00 NOTE

Check Details

Version: 0.0.1
Check: package subdirectories
Result: NOTE Problems with news in ‘NEWS.md’: No news entries found. Flavors: r-devel-linux-x86_64-debian-clang, r-devel-linux-x86_64-debian-gcc, r-devel-linux-x86_64-fedora-clang, r-devel-linux-x86_64-fedora-gcc, r-devel-windows-x86_64, r-patched-linux-x86_64, r-release-linux-x86_64, r-release-macos-arm64, r-release-macos-x86_64, r-release-windows-x86_64, r-oldrel-macos-arm64, r-oldrel-macos-x86_64, r-oldrel-windows-x86_64

Version: 0.0.1
Check: dependencies in R code
Result: NOTE Namespace in Imports field not imported from: ‘stringi’ All declared Imports should be used. Flavors: r-devel-linux-x86_64-fedora-clang, r-devel-linux-x86_64-fedora-gcc

These binaries (installable software) and packages are in development.
They may not be fully stable and should be used with caution. We make no claims about them.