Last updated on 2025-05-01 08:52:44 CEST.
Flavor | Version | Tinstall | Tcheck | Ttotal | Status | Flags |
---|---|---|---|---|---|---|
r-devel-linux-x86_64-debian-clang | 0.3.10 | 53.52 | 121.53 | 175.05 | NOTE | |
r-devel-linux-x86_64-debian-gcc | 0.3.10 | 41.07 | 82.67 | 123.74 | OK | |
r-devel-linux-x86_64-fedora-clang | 0.3.10 | 270.50 | OK | |||
r-devel-linux-x86_64-fedora-gcc | 0.3.10 | 271.34 | OK | |||
r-devel-windows-x86_64 | 0.3.10 | 56.00 | 132.00 | 188.00 | OK | |
r-patched-linux-x86_64 | 0.3.10 | 53.16 | 113.58 | 166.74 | OK | |
r-release-linux-x86_64 | OK | |||||
r-release-macos-arm64 | 0.3.10 | 70.00 | OK | |||
r-release-macos-x86_64 | 0.3.10 | 165.00 | OK | |||
r-release-windows-x86_64 | 0.3.10 | 57.00 | 132.00 | 189.00 | OK | |
r-oldrel-macos-arm64 | 0.3.10 | 62.00 | NOTE | |||
r-oldrel-macos-x86_64 | 0.3.10 | 113.00 | NOTE | |||
r-oldrel-windows-x86_64 | 0.3.10 | 70.00 | 183.00 | 253.00 | OK |
Version: 0.3.10
Check: examples
Result: NOTE
Examples with CPU (user + system) or elapsed time > 5s
user system elapsed
Rphylopars-package 3.789 0.134 5.104
Flavor: r-devel-linux-x86_64-debian-clang
Version: 0.3.10
Check: installed package size
Result: NOTE
installed size is 5.5Mb
sub-directories of 1Mb or more:
libs 5.3Mb
Flavors: r-oldrel-macos-arm64, r-oldrel-macos-x86_64
These binaries (installable software) and packages are in development.
They may not be fully stable and should be used with caution. We make no claims about them.