Last updated on 2025-05-01 12:49:40 CEST.
Flavor | Version | Tinstall | Tcheck | Ttotal | Status | Flags |
---|---|---|---|---|---|---|
r-devel-linux-x86_64-debian-clang | 1.1.0 | 2.68 | 189.96 | 192.64 | NOTE | |
r-devel-linux-x86_64-debian-gcc | 1.1.0 | 1.93 | 112.23 | 114.16 | NOTE | |
r-devel-linux-x86_64-fedora-clang | 1.1.0 | 305.21 | NOTE | |||
r-devel-linux-x86_64-fedora-gcc | 1.1.0 | 332.06 | NOTE | |||
r-devel-windows-x86_64 | 1.1.0 | 6.00 | 163.00 | 169.00 | OK | |
r-patched-linux-x86_64 | 1.1.0 | 2.82 | 178.08 | 180.90 | OK | |
r-release-linux-x86_64 | OK | |||||
r-release-macos-arm64 | 1.1.0 | 84.00 | OK | |||
r-release-macos-x86_64 | 1.1.0 | 234.00 | OK | |||
r-release-windows-x86_64 | 1.1.0 | 5.00 | 166.00 | 171.00 | OK | |
r-oldrel-macos-arm64 | 1.1.0 | 82.00 | OK | |||
r-oldrel-macos-x86_64 | 1.1.0 | 131.00 | OK | |||
r-oldrel-windows-x86_64 | 1.1.0 | 7.00 | 244.00 | 251.00 | OK |
Version: 1.1.0
Check: CRAN incoming feasibility
Result: NOTE
Maintainer: ‘Kyung Serk Cho <kyslf1994@gmail.com>’
Package has help file(s) containing later-stage \Sexpr{} expressions
but no 'build/stage23.rdb' file.
Package CITATION file contains call(s) to old-style personList() or
as.personList(). Please use c() on person objects instead.
Package CITATION file contains call(s) to old-style citEntry(). Please
use bibentry() instead.
Flavors: r-devel-linux-x86_64-debian-clang, r-devel-linux-x86_64-debian-gcc
Version: 1.1.0
Check: dependencies in R code
Result: NOTE
Namespaces in Imports field not imported from:
‘devtools’ ‘mathjaxr’
All declared Imports should be used.
Flavors: r-devel-linux-x86_64-fedora-clang, r-devel-linux-x86_64-fedora-gcc
These binaries (installable software) and packages are in development.
They may not be fully stable and should be used with caution. We make no claims about them.