Last updated on 2025-07-23 15:50:20 CEST.
Flavor | Version | Tinstall | Tcheck | Ttotal | Status | Flags |
---|---|---|---|---|---|---|
r-devel-linux-x86_64-debian-clang | 1.0.2 | 7.35 | 64.27 | 71.62 | OK | |
r-devel-linux-x86_64-debian-gcc | 1.0.2 | 5.53 | 48.51 | 54.04 | OK | |
r-devel-linux-x86_64-fedora-clang | 1.0.2 | 110.40 | NOTE | |||
r-devel-linux-x86_64-fedora-gcc | 1.0.2 | 107.80 | NOTE | |||
r-devel-windows-x86_64 | 1.0.2 | 8.00 | 75.00 | 83.00 | OK | |
r-patched-linux-x86_64 | 1.0.2 | 5.50 | 62.45 | 67.95 | OK | |
r-release-linux-x86_64 | 1.0.2 | 7.59 | 61.78 | 69.37 | OK | |
r-release-macos-arm64 | 1.0.2 | 35.00 | OK | |||
r-release-macos-x86_64 | 1.0.2 | 65.00 | OK | |||
r-release-windows-x86_64 | 1.0.2 | 8.00 | 74.00 | 82.00 | OK | |
r-oldrel-macos-arm64 | 1.0.2 | 36.00 | OK | |||
r-oldrel-macos-x86_64 | 1.0.2 | 82.00 | OK | |||
r-oldrel-windows-x86_64 | 1.0.2 | 11.00 | 92.00 | 103.00 | OK |
Version: 1.0.2
Check: dependencies in R code
Result: NOTE
Namespace in Imports field not imported from: ‘RhpcBLASctl’
All declared Imports should be used.
Flavors: r-devel-linux-x86_64-fedora-clang, r-devel-linux-x86_64-fedora-gcc
These binaries (installable software) and packages are in development.
They may not be fully stable and should be used with caution. We make no claims about them.