Last updated on 2024-07-27 15:50:33 CEST.
Flavor | Version | Tinstall | Tcheck | Ttotal | Status | Flags |
---|---|---|---|---|---|---|
r-devel-linux-x86_64-debian-clang | 2.0.2 | 15.84 | 317.90 | 333.74 | OK | |
r-devel-linux-x86_64-debian-gcc | 2.0.2 | OK | ||||
r-devel-linux-x86_64-fedora-clang | 2.0.2 | 444.27 | OK | |||
r-devel-linux-x86_64-fedora-gcc | 2.0.2 | 416.23 | OK | |||
r-devel-windows-x86_64 | 2.0.2 | 14.00 | 234.00 | 248.00 | OK | |
r-patched-linux-x86_64 | 2.0.2 | OK | ||||
r-release-linux-x86_64 | 2.0.2 | 14.23 | 308.12 | 322.35 | OK | |
r-release-macos-arm64 | 2.0.2 | 105.00 | NOTE | |||
r-release-macos-x86_64 | 2.0.2 | 176.00 | OK | |||
r-release-windows-x86_64 | 2.0.2 | 15.00 | 238.00 | 253.00 | OK | |
r-oldrel-macos-arm64 | 2.0.2 | 136.00 | NOTE | |||
r-oldrel-macos-x86_64 | 2.0.2 | 355.00 | NOTE | |||
r-oldrel-windows-x86_64 | 2.0.2 | 13.00 | 313.00 | 326.00 | OK |
Version: 2.0.2
Check: package dependencies
Result: NOTE
Packages suggested but not available for checking:
'AUCell', 'infercnv', 'Nebulosa'
Flavor: r-release-macos-arm64
Version: 2.0.2
Check: Rd cross-references
Result: NOTE
Package unavailable to check Rd xrefs: ‘infercnv’
Flavors: r-release-macos-arm64, r-oldrel-macos-arm64, r-oldrel-macos-x86_64
Version: 2.0.2
Check: package dependencies
Result: NOTE
Packages suggested but not available for checking:
'AUCell', 'decoupleR', 'infercnv', 'Nebulosa'
Flavors: r-oldrel-macos-arm64, r-oldrel-macos-x86_64
These binaries (installable software) and packages are in development.
They may not be fully stable and should be used with caution. We make no claims about them.