CRAN Package Check Results for Package SKAT

Last updated on 2025-07-04 11:50:39 CEST.

Flavor Version Tinstall Tcheck Ttotal Status Flags
r-devel-linux-x86_64-debian-clang 2.2.5 32.15 176.85 209.00 NOTE
r-devel-linux-x86_64-debian-gcc 2.2.5 21.52 124.75 146.27 NOTE
r-devel-linux-x86_64-fedora-clang 2.2.5 346.10 OK
r-devel-linux-x86_64-fedora-gcc 2.2.5 338.04 OK
r-devel-windows-x86_64 2.2.5 37.00 217.00 254.00 OK
r-patched-linux-x86_64 2.2.5 31.73 172.49 204.22 OK
r-release-linux-x86_64 2.2.5 28.62 173.97 202.59 OK
r-release-macos-arm64 2.2.5 107.00 OK
r-release-macos-x86_64 2.2.5 215.00 OK
r-release-windows-x86_64 2.2.5 39.00 217.00 256.00 OK
r-oldrel-macos-arm64 2.2.5 97.00 OK
r-oldrel-macos-x86_64 2.2.5 166.00 OK
r-oldrel-windows-x86_64 2.2.5 47.00 262.00 309.00 OK

Check Details

Version: 2.2.5
Check: CRAN incoming feasibility
Result: NOTE Maintainer: ‘Seunggeun (Shawn) Lee <lee7801@snu.ac.kr>’ No Authors@R field in DESCRIPTION. Please add one, modifying Authors@R: c(person(given = "Seunggeun", family = "Lee", role = "aut", comment = "Shawn"), person(given = "Zhangchen", family = "Zhao", role = "aut"), person(given = c("with", "contributions", "from", "Larisa"), family = "Miropolsky", role = "aut"), person(given = "Michael", family = "Wu", role = "aut"), person(given = "Seunggeun", family = "Lee", role = "cre", email = "lee7801@snu.ac.kr", comment = "Shawn")) as necessary. Flavors: r-devel-linux-x86_64-debian-clang, r-devel-linux-x86_64-debian-gcc

These binaries (installable software) and packages are in development.
They may not be fully stable and should be used with caution. We make no claims about them.