Last updated on 2025-05-07 15:49:31 CEST.
Flavor | Version | Tinstall | Tcheck | Ttotal | Status | Flags |
---|---|---|---|---|---|---|
r-devel-linux-x86_64-debian-clang | 1.0.3 | 26.31 | 44.72 | 71.03 | NOTE | |
r-devel-linux-x86_64-debian-gcc | 1.0.3 | 18.44 | 33.63 | 52.07 | NOTE | |
r-devel-linux-x86_64-fedora-clang | 1.0.3 | 127.27 | OK | |||
r-devel-linux-x86_64-fedora-gcc | 1.0.3 | 121.24 | OK | |||
r-devel-windows-x86_64 | 1.0.3 | 31.00 | 79.00 | 110.00 | OK | |
r-patched-linux-x86_64 | 1.0.3 | 24.98 | 42.09 | 67.07 | OK | |
r-release-linux-x86_64 | 1.0.3 | 25.94 | 41.96 | 67.90 | OK | |
r-release-macos-arm64 | 1.0.3 | 35.00 | OK | |||
r-release-macos-x86_64 | 1.0.3 | 73.00 | OK | |||
r-release-windows-x86_64 | 1.0.3 | 31.00 | 81.00 | 112.00 | OK | |
r-oldrel-macos-arm64 | 1.0.3 | 32.00 | OK | |||
r-oldrel-macos-x86_64 | 1.0.3 | 45.00 | OK | |||
r-oldrel-windows-x86_64 | 1.0.3 | 37.00 | 96.00 | 133.00 | OK |
Version: 1.0.3
Check: CRAN incoming feasibility
Result: NOTE
Maintainer: ‘Yan Li <yanli_@jlu.edu.cn>’
The Description field contains
(2023), <https://www.biorxiv.org/content/10.1101/2023.05.30.542607v1>].
Please use permanent DOI markup for linking to publications as in <doi:prefix/suffix>.
Flavors: r-devel-linux-x86_64-debian-clang, r-devel-linux-x86_64-debian-gcc
These binaries (installable software) and packages are in development.
They may not be fully stable and should be used with caution. We make no claims about them.