CRAN Package Check Results for Package TCGAretriever

Last updated on 2025-10-03 03:51:00 CEST.

Flavor Version Tinstall Tcheck Ttotal Status Flags
r-devel-linux-x86_64-debian-clang 1.9.1 4.03 48.45 52.48 NOTE
r-devel-linux-x86_64-debian-gcc 1.9.1 2.91 36.67 39.58 NOTE
r-devel-linux-x86_64-fedora-clang 1.9.1 77.76 OK
r-devel-linux-x86_64-fedora-gcc 1.9.1 91.33 OK
r-devel-windows-x86_64 1.9.1 6.00 71.00 77.00 OK
r-patched-linux-x86_64 1.9.1 4.26 46.01 50.27 OK
r-release-linux-x86_64 1.9.1 4.13 45.90 50.03 OK
r-release-macos-arm64 1.9.1 75.00 OK
r-release-macos-x86_64 1.9.1 66.00 OK
r-release-windows-x86_64 1.9.1 5.00 72.00 77.00 OK
r-oldrel-macos-arm64 1.9.1 49.00 OK
r-oldrel-macos-x86_64 1.9.1 56.00 OK
r-oldrel-windows-x86_64 1.9.1 8.00 134.00 142.00 OK

Check Details

Version: 1.9.1
Check: CRAN incoming feasibility
Result: NOTE Maintainer: ‘Damiano Fantini <damiano.fantini@gmail.com>’ No Authors@R field in DESCRIPTION. Please add one, modifying Authors@R: person(given = "Damiano", family = "Fantini", role = c("aut", "cre"), email = "damiano.fantini@gmail.com") as necessary. Flavors: r-devel-linux-x86_64-debian-clang, r-devel-linux-x86_64-debian-gcc

These binaries (installable software) and packages are in development.
They may not be fully stable and should be used with caution. We make no claims about them.