CRAN Package Check Results for Package TCGAretriever

Last updated on 2025-05-08 04:52:21 CEST.

Flavor Version Tinstall Tcheck Ttotal Status Flags
r-devel-linux-x86_64-debian-clang 1.9.1 4.05 47.54 51.59 NOTE
r-devel-linux-x86_64-debian-gcc 1.9.1 2.93 36.46 39.39 NOTE
r-devel-linux-x86_64-fedora-clang 1.9.1 78.48 OK
r-devel-linux-x86_64-fedora-gcc 1.9.1 90.98 OK
r-devel-windows-x86_64 1.9.1 7.00 71.00 78.00 OK
r-patched-linux-x86_64 1.9.1 3.74 45.59 49.33 OK
r-release-linux-x86_64 1.9.1 4.01 45.61 49.62 OK
r-release-macos-arm64 1.9.1 75.00 OK
r-release-macos-x86_64 1.9.1 66.00 OK
r-release-windows-x86_64 1.9.1 5.00 71.00 76.00 OK
r-oldrel-macos-arm64 1.9.1 49.00 OK
r-oldrel-macos-x86_64 1.9.1 56.00 OK
r-oldrel-windows-x86_64 1.9.1 7.00 89.00 96.00 OK

Check Details

Version: 1.9.1
Check: CRAN incoming feasibility
Result: NOTE Maintainer: ‘Damiano Fantini <damiano.fantini@gmail.com>’ No Authors@R field in DESCRIPTION. Please add one, modifying Authors@R: person(given = "Damiano", family = "Fantini", role = c("aut", "cre"), email = "damiano.fantini@gmail.com") as necessary. Flavors: r-devel-linux-x86_64-debian-clang, r-devel-linux-x86_64-debian-gcc

These binaries (installable software) and packages are in development.
They may not be fully stable and should be used with caution. We make no claims about them.