Last updated on 2025-11-11 15:50:50 CET.
| Flavor | Version | Tinstall | Tcheck | Ttotal | Status | Flags |
|---|---|---|---|---|---|---|
| r-devel-linux-x86_64-debian-clang | 0.4.1 | 15.43 | 87.61 | 103.04 | NOTE | |
| r-devel-linux-x86_64-debian-gcc | 0.4.1 | 11.56 | 64.58 | 76.14 | NOTE | |
| r-devel-linux-x86_64-fedora-clang | 0.4.1 | 38.00 | 136.01 | 174.01 | NOTE | |
| r-devel-linux-x86_64-fedora-gcc | 0.4.1 | 36.00 | 138.34 | 174.34 | NOTE | |
| r-devel-windows-x86_64 | 0.4.1 | 21.00 | 113.00 | 134.00 | NOTE | |
| r-patched-linux-x86_64 | 0.4.1 | 16.08 | 83.96 | 100.04 | NOTE | |
| r-release-linux-x86_64 | 0.4.1 | 16.53 | 83.57 | 100.10 | NOTE | |
| r-release-macos-arm64 | 0.4.1 | 9.00 | 64.00 | 73.00 | NOTE | |
| r-release-macos-x86_64 | 0.4.1 | 12.00 | 79.00 | 91.00 | NOTE | |
| r-release-windows-x86_64 | 0.4.1 | 21.00 | 121.00 | 142.00 | NOTE | |
| r-oldrel-macos-arm64 | 0.4.1 | 9.00 | 43.00 | 52.00 | NOTE | |
| r-oldrel-macos-x86_64 | 0.4.1 | 11.00 | 63.00 | 74.00 | NOTE | |
| r-oldrel-windows-x86_64 | 0.4.1 | 26.00 | 140.00 | 166.00 | NOTE |
Version: 0.4.1
Check: CRAN incoming feasibility
Result: NOTE
Maintainer: ‘Raoul Wadhwa <raoulwadhwa@gmail.com>’
Package CITATION file contains call(s) to old-style citEntry(). Please
use bibentry() instead.
Flavors: r-devel-linux-x86_64-debian-clang, r-devel-linux-x86_64-debian-gcc
Version: 0.4.1
Check: C++ specification
Result: NOTE
Specified C++11: please drop specification unless essential
Flavors: r-devel-linux-x86_64-debian-clang, r-devel-linux-x86_64-debian-gcc, r-devel-linux-x86_64-fedora-clang, r-devel-linux-x86_64-fedora-gcc, r-devel-windows-x86_64, r-patched-linux-x86_64, r-release-linux-x86_64, r-release-macos-arm64, r-release-macos-x86_64, r-release-windows-x86_64, r-oldrel-macos-arm64, r-oldrel-macos-x86_64, r-oldrel-windows-x86_64
These binaries (installable software) and packages are in development.
They may not be fully stable and should be used with caution. We make no claims about them.