Last updated on 2025-02-16 10:51:01 CET.
Flavor | Version | Tinstall | Tcheck | Ttotal | Status | Flags |
---|---|---|---|---|---|---|
r-devel-linux-x86_64-debian-clang | 0.4.1 | 13.99 | 67.30 | 81.29 | NOTE | |
r-devel-linux-x86_64-debian-gcc | 0.4.1 | 10.97 | 51.67 | 62.64 | NOTE | |
r-devel-linux-x86_64-fedora-clang | 0.4.1 | 149.30 | NOTE | |||
r-devel-linux-x86_64-fedora-gcc | 0.4.1 | 147.21 | NOTE | |||
r-devel-macos-arm64 | 0.4.1 | 52.00 | NOTE | |||
r-devel-macos-x86_64 | 0.4.1 | 105.00 | NOTE | |||
r-devel-windows-x86_64 | 0.4.1 | 17.00 | 163.00 | 180.00 | NOTE | |
r-patched-linux-x86_64 | 0.4.1 | 15.44 | 64.15 | 79.59 | NOTE | |
r-release-linux-x86_64 | 0.4.1 | 15.36 | 63.80 | 79.16 | NOTE | |
r-release-macos-arm64 | 0.4.1 | 52.00 | NOTE | |||
r-release-macos-x86_64 | 0.4.1 | 74.00 | NOTE | |||
r-release-windows-x86_64 | 0.4.1 | 18.00 | 168.00 | 186.00 | NOTE | |
r-oldrel-macos-arm64 | 0.4.1 | 56.00 | NOTE | |||
r-oldrel-macos-x86_64 | 0.4.1 | 79.00 | NOTE | |||
r-oldrel-windows-x86_64 | 0.4.1 | 23.00 | 110.00 | 133.00 | NOTE |
Version: 0.4.1
Check: C++ specification
Result: NOTE
Specified C++11: please drop specification unless essential
Flavors: r-devel-linux-x86_64-debian-clang, r-devel-linux-x86_64-debian-gcc, r-devel-linux-x86_64-fedora-clang, r-devel-linux-x86_64-fedora-gcc, r-devel-macos-arm64, r-devel-macos-x86_64, r-devel-windows-x86_64, r-patched-linux-x86_64, r-release-linux-x86_64, r-release-macos-arm64, r-release-macos-x86_64, r-release-windows-x86_64, r-oldrel-macos-arm64, r-oldrel-macos-x86_64, r-oldrel-windows-x86_64
These binaries (installable software) and packages are in development.
They may not be fully stable and should be used with caution. We make no claims about them.