Last updated on 2025-10-03 13:49:50 CEST.
Flavor | Version | Tinstall | Tcheck | Ttotal | Status | Flags |
---|---|---|---|---|---|---|
r-devel-linux-x86_64-debian-clang | 0.4.1 | 15.75 | 94.78 | 110.53 | NOTE | |
r-devel-linux-x86_64-debian-gcc | 0.4.1 | 12.07 | 72.11 | 84.18 | NOTE | |
r-devel-linux-x86_64-fedora-clang | 0.4.1 | 188.97 | NOTE | |||
r-devel-linux-x86_64-fedora-gcc | 0.4.1 | 182.90 | NOTE | |||
r-devel-windows-x86_64 | 0.4.1 | 21.00 | 110.00 | 131.00 | NOTE | |
r-patched-linux-x86_64 | 0.4.1 | 14.79 | 92.11 | 106.90 | NOTE | |
r-release-linux-x86_64 | 0.4.1 | 14.60 | 90.84 | 105.44 | NOTE | |
r-release-macos-arm64 | 0.4.1 | 73.00 | NOTE | |||
r-release-macos-x86_64 | 0.4.1 | 91.00 | NOTE | |||
r-release-windows-x86_64 | 0.4.1 | 23.00 | 110.00 | 133.00 | NOTE | |
r-oldrel-macos-arm64 | 0.4.1 | 52.00 | NOTE | |||
r-oldrel-macos-x86_64 | 0.4.1 | 74.00 | NOTE | |||
r-oldrel-windows-x86_64 | 0.4.1 | 25.00 | 139.00 | 164.00 | NOTE |
Version: 0.4.1
Check: CRAN incoming feasibility
Result: NOTE
Maintainer: ‘Raoul Wadhwa <raoulwadhwa@gmail.com>’
Package CITATION file contains call(s) to old-style citEntry(). Please
use bibentry() instead.
Flavors: r-devel-linux-x86_64-debian-clang, r-devel-linux-x86_64-debian-gcc
Version: 0.4.1
Check: C++ specification
Result: NOTE
Specified C++11: please drop specification unless essential
Flavors: r-devel-linux-x86_64-debian-clang, r-devel-linux-x86_64-debian-gcc, r-devel-linux-x86_64-fedora-clang, r-devel-linux-x86_64-fedora-gcc, r-devel-windows-x86_64, r-patched-linux-x86_64, r-release-linux-x86_64, r-release-macos-arm64, r-release-macos-x86_64, r-release-windows-x86_64, r-oldrel-macos-arm64, r-oldrel-macos-x86_64, r-oldrel-windows-x86_64
These binaries (installable software) and packages are in development.
They may not be fully stable and should be used with caution. We make no claims about them.