Last updated on 2025-05-24 15:53:27 CEST.
Flavor | Version | Tinstall | Tcheck | Ttotal | Status | Flags |
---|---|---|---|---|---|---|
r-devel-linux-x86_64-debian-clang | 1.9.17 | 76.94 | 72.97 | 149.91 | OK | |
r-devel-linux-x86_64-debian-gcc | 1.9.17 | 66.66 | 55.03 | 121.69 | OK | |
r-devel-linux-x86_64-fedora-clang | 1.9.17 | 228.12 | OK | |||
r-devel-linux-x86_64-fedora-gcc | 1.9.17 | 299.36 | OK | |||
r-devel-windows-x86_64 | 1.9.17 | 113.00 | 99.00 | 212.00 | OK | |
r-patched-linux-x86_64 | 1.9.17 | 91.57 | 72.33 | 163.90 | OK | |
r-release-linux-x86_64 | 1.9.17 | 88.77 | 72.45 | 161.22 | OK | |
r-release-macos-arm64 | 1.9.17 | 73.00 | OK | |||
r-release-macos-x86_64 | 1.9.17 | 228.00 | OK | |||
r-release-windows-x86_64 | 1.9.17 | 115.00 | 99.00 | 214.00 | OK | |
r-oldrel-macos-arm64 | 1.9.17 | 62.00 | NOTE | |||
r-oldrel-macos-x86_64 | 1.9.17 | 146.00 | NOTE | |||
r-oldrel-windows-x86_64 | 1.9.17 | 118.00 | 114.00 | 232.00 | NOTE |
Version: 1.9.17
Check: installed package size
Result: NOTE
installed size is 16.6Mb
sub-directories of 1Mb or more:
examples 12.4Mb
include 3.6Mb
Flavors: r-oldrel-macos-arm64, r-oldrel-macos-x86_64, r-oldrel-windows-x86_64
These binaries (installable software) and packages are in development.
They may not be fully stable and should be used with caution. We make no claims about them.