CRAN Package Check Results for Package TPAC

Last updated on 2025-07-27 11:49:40 CEST.

Flavor Version Tinstall Tcheck Ttotal Status Flags
r-devel-linux-x86_64-debian-clang 0.3.0 2.23 30.32 32.55 OK
r-devel-linux-x86_64-debian-gcc 0.3.0 1.45 24.22 25.67 OK
r-devel-linux-x86_64-fedora-clang 0.3.0 52.05 OK
r-devel-linux-x86_64-fedora-gcc 0.3.0 65.32 OK
r-devel-windows-x86_64 0.3.0 5.00 64.00 69.00 OK
r-patched-linux-x86_64 0.2.0 2.46 28.81 31.27 NOTE
r-release-linux-x86_64 0.3.0 1.76 29.04 30.80 OK
r-release-macos-arm64 0.2.0 32.00 OK
r-release-macos-x86_64 0.3.0 62.00 OK
r-release-windows-x86_64 0.3.0 3.00 62.00 65.00 OK
r-oldrel-macos-arm64 0.2.0 29.00 OK
r-oldrel-macos-x86_64 0.3.0 63.00 OK
r-oldrel-windows-x86_64 0.3.0 5.00 65.00 70.00 OK

Check Details

Version: 0.2.0
Check: Rd cross-references
Result: NOTE Found the following Rd file(s) with Rd \link{} targets missing package anchors: TPACForCancer.Rd: hpa.data Please provide package anchors for all Rd \link{} targets not in the package itself and the base packages. Flavor: r-patched-linux-x86_64

These binaries (installable software) and packages are in development.
They may not be fully stable and should be used with caution. We make no claims about them.