Last updated on 2025-10-23 11:50:32 CEST.
Flavor | Version | Tinstall | Tcheck | Ttotal | Status | Flags |
---|---|---|---|---|---|---|
r-devel-linux-x86_64-debian-clang | 3.1.0 | 15.85 | 123.03 | 138.88 | NOTE | |
r-devel-linux-x86_64-debian-gcc | 3.1.0 | 9.79 | 84.90 | 94.69 | NOTE | |
r-devel-linux-x86_64-fedora-clang | 3.1.0 | 80.00 | 152.00 | 232.00 | OK | |
r-devel-linux-x86_64-fedora-gcc | 3.1.0 | 115.00 | 110.76 | 225.76 | OK | |
r-devel-windows-x86_64 | 3.1.0 | 17.00 | 251.00 | 268.00 | OK | |
r-patched-linux-x86_64 | 3.1.0 | 16.18 | 115.65 | 131.83 | OK | |
r-release-linux-x86_64 | 3.1.0 | 15.23 | 117.51 | 132.74 | OK | |
r-release-macos-arm64 | 3.1.0 | 6.00 | 46.00 | 52.00 | OK | |
r-release-macos-x86_64 | 3.1.0 | 12.00 | 85.00 | 97.00 | OK | |
r-release-windows-x86_64 | 3.1.0 | 16.00 | 115.00 | 131.00 | OK | |
r-oldrel-macos-arm64 | 3.1.0 | 6.00 | 44.00 | 50.00 | OK | |
r-oldrel-macos-x86_64 | 3.1.0 | 9.00 | 72.00 | 81.00 | OK | |
r-oldrel-windows-x86_64 | 3.1.0 | 24.00 | 157.00 | 181.00 | OK |
Version: 3.1.0
Check: CRAN incoming feasibility
Result: NOTE
Maintainer: ‘Wei Jiang <jiangwei@hrbmu.edu.cn>’
No Authors@R field in DESCRIPTION.
Please add one, modifying
Authors@R: person(given = "Wei",
family = "Jiang",
role = c("aut", "cre"),
email = "jiangwei@hrbmu.edu.cn")
as necessary.
Flavors: r-devel-linux-x86_64-debian-clang, r-devel-linux-x86_64-debian-gcc
These binaries (installable software) and packages are in development.
They may not be fully stable and should be used with caution. We make no claims about them.