CRAN Package Check Results for Package TrenchR

Last updated on 2025-05-22 06:52:02 CEST.

Flavor Version Tinstall Tcheck Ttotal Status Flags
r-devel-linux-x86_64-debian-clang 1.1.1 12.35 159.01 171.36 NOTE
r-devel-linux-x86_64-debian-gcc 1.1.1 8.26 112.42 120.68 NOTE
r-devel-linux-x86_64-fedora-clang 1.1.1 260.20 NOTE
r-devel-linux-x86_64-fedora-gcc 1.1.1 259.73 NOTE
r-devel-windows-x86_64 1.1.1 15.00 221.00 236.00 NOTE
r-patched-linux-x86_64 1.1.1 15.76 150.04 165.80 NOTE
r-release-linux-x86_64 1.1.1 12.62 148.41 161.03 NOTE
r-release-macos-arm64 1.1.1 137.00 NOTE
r-release-macos-x86_64 1.1.1 162.00 NOTE
r-release-windows-x86_64 1.1.1 17.00 252.00 269.00 NOTE
r-oldrel-macos-arm64 1.1.1 68.00 NOTE
r-oldrel-macos-x86_64 1.1.1 106.00 NOTE
r-oldrel-windows-x86_64 1.1.1 21.00 227.00 248.00 NOTE

Check Details

Version: 1.1.1
Check: Rd files
Result: NOTE checkRd: (-1) DRYAIR.Rd:18: Lost braces in \itemize; \value handles \item{}{} directly checkRd: (-1) DRYAIR.Rd:19: Lost braces in \itemize; \value handles \item{}{} directly checkRd: (-1) DRYAIR.Rd:20: Lost braces in \itemize; \value handles \item{}{} directly checkRd: (-1) DRYAIR.Rd:21: Lost braces in \itemize; \value handles \item{}{} directly checkRd: (-1) DRYAIR.Rd:22: Lost braces in \itemize; \value handles \item{}{} directly checkRd: (-1) DRYAIR.Rd:23: Lost braces in \itemize; \value handles \item{}{} directly checkRd: (-1) DRYAIR.Rd:24: Lost braces in \itemize; \value handles \item{}{} directly checkRd: (-1) DRYAIR.Rd:25: Lost braces in \itemize; \value handles \item{}{} directly checkRd: (-1) DRYAIR.Rd:26: Lost braces in \itemize; \value handles \item{}{} directly checkRd: (-1) DRYAIR.Rd:27: Lost braces in \itemize; \value handles \item{}{} directly checkRd: (-1) DRYAIR.Rd:28: Lost braces in \itemize; \value handles \item{}{} directly checkRd: (-1) WETAIR.Rd:41: Lost braces in \itemize; meant \describe ? checkRd: (-1) WETAIR.Rd:42: Lost braces in \itemize; meant \describe ? checkRd: (-1) WETAIR.Rd:22: Lost braces in \itemize; \value handles \item{}{} directly checkRd: (-1) WETAIR.Rd:23: Lost braces in \itemize; \value handles \item{}{} directly checkRd: (-1) WETAIR.Rd:24: Lost braces in \itemize; \value handles \item{}{} directly checkRd: (-1) WETAIR.Rd:25: Lost braces in \itemize; \value handles \item{}{} directly checkRd: (-1) WETAIR.Rd:26: Lost braces in \itemize; \value handles \item{}{} directly checkRd: (-1) WETAIR.Rd:27: Lost braces in \itemize; \value handles \item{}{} directly checkRd: (-1) WETAIR.Rd:28: Lost braces in \itemize; \value handles \item{}{} directly checkRd: (-1) WETAIR.Rd:29: Lost braces in \itemize; \value handles \item{}{} directly checkRd: (-1) WETAIR.Rd:30: Lost braces in \itemize; \value handles \item{}{} directly checkRd: (-1) diurnal_temp_variation_sineexp.Rd:41: Lost braces in \itemize; meant \describe ? checkRd: (-1) diurnal_temp_variation_sineexp.Rd:42: Lost braces in \itemize; meant \describe ? checkRd: (-1) diurnal_temp_variation_sineexp.Rd:43: Lost braces in \itemize; meant \describe ? checkRd: (-1) diurnal_temp_variation_sineexp.Rd:44: Lost braces in \itemize; meant \describe ? Flavors: r-devel-linux-x86_64-debian-clang, r-devel-linux-x86_64-debian-gcc, r-devel-linux-x86_64-fedora-clang, r-devel-linux-x86_64-fedora-gcc, r-devel-windows-x86_64, r-patched-linux-x86_64, r-release-linux-x86_64, r-release-macos-arm64, r-release-macos-x86_64, r-release-windows-x86_64, r-oldrel-macos-arm64, r-oldrel-macos-x86_64, r-oldrel-windows-x86_64

These binaries (installable software) and packages are in development.
They may not be fully stable and should be used with caution. We make no claims about them.