Last updated on 2025-11-12 12:53:26 CET.
| Flavor | Version | Tinstall | Tcheck | Ttotal | Status | Flags |
|---|---|---|---|---|---|---|
| r-devel-linux-x86_64-debian-clang | 1.1.1 | 13.28 | 163.90 | 177.18 | NOTE | |
| r-devel-linux-x86_64-debian-gcc | 1.1.1 | 9.41 | 117.21 | 126.62 | NOTE | |
| r-devel-linux-x86_64-fedora-clang | 1.1.1 | 32.00 | 245.92 | 277.92 | NOTE | |
| r-devel-linux-x86_64-fedora-gcc | 1.1.1 | 32.00 | 239.11 | 271.11 | NOTE | |
| r-devel-windows-x86_64 | 1.1.1 | 17.00 | 185.00 | 202.00 | NOTE | |
| r-patched-linux-x86_64 | 1.1.1 | 16.32 | 153.39 | 169.71 | NOTE | |
| r-release-linux-x86_64 | 1.1.1 | 12.59 | 154.33 | 166.92 | NOTE | |
| r-release-macos-arm64 | 1.1.1 | 7.00 | 130.00 | 137.00 | NOTE | |
| r-release-macos-x86_64 | 1.1.1 | 15.00 | 147.00 | 162.00 | NOTE | |
| r-release-windows-x86_64 | 1.1.1 | 16.00 | 250.00 | 266.00 | NOTE | |
| r-oldrel-macos-arm64 | 1.1.1 | 5.00 | 63.00 | 68.00 | NOTE | |
| r-oldrel-macos-x86_64 | 1.1.1 | 8.00 | 98.00 | 106.00 | NOTE | |
| r-oldrel-windows-x86_64 | 1.1.1 | 21.00 | 230.00 | 251.00 | NOTE |
Version: 1.1.1
Check: Rd files
Result: NOTE
checkRd: (-1) DRYAIR.Rd:18: Lost braces in \itemize; \value handles \item{}{} directly
checkRd: (-1) DRYAIR.Rd:19: Lost braces in \itemize; \value handles \item{}{} directly
checkRd: (-1) DRYAIR.Rd:20: Lost braces in \itemize; \value handles \item{}{} directly
checkRd: (-1) DRYAIR.Rd:21: Lost braces in \itemize; \value handles \item{}{} directly
checkRd: (-1) DRYAIR.Rd:22: Lost braces in \itemize; \value handles \item{}{} directly
checkRd: (-1) DRYAIR.Rd:23: Lost braces in \itemize; \value handles \item{}{} directly
checkRd: (-1) DRYAIR.Rd:24: Lost braces in \itemize; \value handles \item{}{} directly
checkRd: (-1) DRYAIR.Rd:25: Lost braces in \itemize; \value handles \item{}{} directly
checkRd: (-1) DRYAIR.Rd:26: Lost braces in \itemize; \value handles \item{}{} directly
checkRd: (-1) DRYAIR.Rd:27: Lost braces in \itemize; \value handles \item{}{} directly
checkRd: (-1) DRYAIR.Rd:28: Lost braces in \itemize; \value handles \item{}{} directly
checkRd: (-1) WETAIR.Rd:41: Lost braces in \itemize; meant \describe ?
checkRd: (-1) WETAIR.Rd:42: Lost braces in \itemize; meant \describe ?
checkRd: (-1) WETAIR.Rd:22: Lost braces in \itemize; \value handles \item{}{} directly
checkRd: (-1) WETAIR.Rd:23: Lost braces in \itemize; \value handles \item{}{} directly
checkRd: (-1) WETAIR.Rd:24: Lost braces in \itemize; \value handles \item{}{} directly
checkRd: (-1) WETAIR.Rd:25: Lost braces in \itemize; \value handles \item{}{} directly
checkRd: (-1) WETAIR.Rd:26: Lost braces in \itemize; \value handles \item{}{} directly
checkRd: (-1) WETAIR.Rd:27: Lost braces in \itemize; \value handles \item{}{} directly
checkRd: (-1) WETAIR.Rd:28: Lost braces in \itemize; \value handles \item{}{} directly
checkRd: (-1) WETAIR.Rd:29: Lost braces in \itemize; \value handles \item{}{} directly
checkRd: (-1) WETAIR.Rd:30: Lost braces in \itemize; \value handles \item{}{} directly
checkRd: (-1) diurnal_temp_variation_sineexp.Rd:41: Lost braces in \itemize; meant \describe ?
checkRd: (-1) diurnal_temp_variation_sineexp.Rd:42: Lost braces in \itemize; meant \describe ?
checkRd: (-1) diurnal_temp_variation_sineexp.Rd:43: Lost braces in \itemize; meant \describe ?
checkRd: (-1) diurnal_temp_variation_sineexp.Rd:44: Lost braces in \itemize; meant \describe ?
Flavors: r-devel-linux-x86_64-debian-clang, r-devel-linux-x86_64-debian-gcc, r-devel-linux-x86_64-fedora-clang, r-devel-linux-x86_64-fedora-gcc, r-devel-windows-x86_64, r-patched-linux-x86_64, r-release-linux-x86_64, r-release-macos-arm64, r-release-macos-x86_64, r-release-windows-x86_64, r-oldrel-macos-arm64, r-oldrel-macos-x86_64, r-oldrel-windows-x86_64
These binaries (installable software) and packages are in development.
They may not be fully stable and should be used with caution. We make no claims about them.