CRAN Package Check Results for Package VDJgermlines

Last updated on 2025-10-23 21:51:47 CEST.

Flavor Version Tinstall Tcheck Ttotal Status Flags
r-devel-linux-x86_64-debian-clang 0.1 2.80 27.98 30.78 NOTE
r-devel-linux-x86_64-debian-gcc 0.1 2.01 22.45 24.46 NOTE
r-devel-linux-x86_64-fedora-clang 0.1 47.23 OK
r-devel-linux-x86_64-fedora-gcc 0.1 44.59 OK
r-devel-windows-x86_64 0.1 4.00 44.00 48.00 OK
r-patched-linux-x86_64 0.1 2.50 26.42 28.92 OK
r-release-linux-x86_64 0.1 2.52 26.99 29.51 OK
r-release-macos-arm64 0.1 2.00 20.00 22.00 OK
r-release-macos-x86_64 0.1 3.00 33.00 36.00 OK
r-release-windows-x86_64 0.1 5.00 46.00 51.00 OK
r-oldrel-macos-arm64 0.1 2.00 17.00 19.00 OK
r-oldrel-macos-x86_64 0.1 2.00 24.00 26.00 OK
r-oldrel-windows-x86_64 0.1 5.00 53.00 58.00 OK

Check Details

Version: 0.1
Check: CRAN incoming feasibility
Result: NOTE Maintainer: ‘Alexander Yermanos <ayermanos@gmail.com>’ No Authors@R field in DESCRIPTION. Please add one, modifying Authors@R: person(given = "Alexander", family = "Yermanos", role = c("aut", "cre"), email = "ayermanos@gmail.com") as necessary. Flavors: r-devel-linux-x86_64-debian-clang, r-devel-linux-x86_64-debian-gcc

These binaries (installable software) and packages are in development.
They may not be fully stable and should be used with caution. We make no claims about them.