Last updated on 2025-02-02 16:49:24 CET.
Flavor | Version | Tinstall | Tcheck | Ttotal | Status | Flags |
---|---|---|---|---|---|---|
r-devel-linux-x86_64-debian-clang | 1.73 | 68.18 | 368.22 | 436.40 | OK | |
r-devel-linux-x86_64-debian-gcc | 1.73 | 45.51 | 247.91 | 293.42 | OK | |
r-devel-linux-x86_64-fedora-clang | 1.73 | 713.91 | OK | |||
r-devel-linux-x86_64-fedora-gcc | 1.73 | 644.40 | OK | |||
r-devel-windows-x86_64 | 1.73 | 66.00 | 375.00 | 441.00 | OK | |
r-patched-linux-x86_64 | 1.73 | 74.47 | 334.22 | 408.69 | OK | |
r-release-linux-x86_64 | 1.73 | 59.87 | 335.75 | 395.62 | OK | |
r-release-macos-arm64 | 1.73 | 136.00 | NOTE | |||
r-release-macos-x86_64 | 1.73 | 338.00 | NOTE | |||
r-release-windows-x86_64 | 1.73 | 67.00 | 379.00 | 446.00 | OK | |
r-oldrel-macos-arm64 | 1.73 | 171.00 | NOTE | |||
r-oldrel-macos-x86_64 | 1.73 | 289.00 | NOTE | |||
r-oldrel-windows-x86_64 | 1.73 | 89.00 | 512.00 | 601.00 | OK |
Version: 1.73
Check: package dependencies
Result: NOTE
Package suggested but not available for checking: ‘org.Mm.eg.db’
Flavors: r-release-macos-arm64, r-oldrel-macos-x86_64
Version: 1.73
Check: installed package size
Result: NOTE
installed size is 5.3Mb
sub-directories of 1Mb or more:
R 2.0Mb
libs 1.5Mb
Flavors: r-release-macos-arm64, r-release-macos-x86_64, r-oldrel-macos-arm64, r-oldrel-macos-x86_64
These binaries (installable software) and packages are in development.
They may not be fully stable and should be used with caution. We make no claims about them.