CRAN Package Check Results for Package WGCNA

Last updated on 2025-05-01 08:52:50 CEST.

Flavor Version Tinstall Tcheck Ttotal Status Flags
r-devel-linux-x86_64-debian-clang 1.73 71.35 373.04 444.39 NOTE
r-devel-linux-x86_64-debian-gcc 1.73 49.37 252.52 301.89 OK
r-devel-linux-x86_64-fedora-clang 1.73 760.88 OK
r-devel-linux-x86_64-fedora-gcc 1.73 650.28 OK
r-devel-windows-x86_64 1.73 73.00 400.00 473.00 OK
r-patched-linux-x86_64 1.73 70.21 348.82 419.03 OK
r-release-linux-x86_64 OK
r-release-macos-arm64 1.73 162.00 OK
r-release-macos-x86_64 1.73 440.00 OK
r-release-windows-x86_64 1.73 76.00 415.00 491.00 OK
r-oldrel-macos-arm64 1.73 136.00 NOTE
r-oldrel-macos-x86_64 1.73 338.00 NOTE
r-oldrel-windows-x86_64 1.73 90.00 528.00 618.00 OK

Additional issues

gcc-UBSAN

Check Details

Version: 1.73
Check: examples
Result: NOTE Examples with CPU (user + system) or elapsed time > 5s user system elapsed consensusDissTOMandTree 4.526 0.06 6.402 Flavor: r-devel-linux-x86_64-debian-clang

Version: 1.73
Check: examples
Result: NA user system elapsed consensusDissTOMandTree 5.082 0.111 6.071 OK Flavor: r-devel-linux-x86_64-debian-gcc

Version: 1.73
Check: package dependencies
Result: NOTE Package suggested but not available for checking: ‘org.Mm.eg.db’ Flavor: r-oldrel-macos-arm64

Version: 1.73
Check: installed package size
Result: NOTE installed size is 5.3Mb sub-directories of 1Mb or more: R 2.0Mb libs 1.5Mb Flavors: r-oldrel-macos-arm64, r-oldrel-macos-x86_64

These binaries (installable software) and packages are in development.
They may not be fully stable and should be used with caution. We make no claims about them.