Last updated on 2025-02-16 10:51:03 CET.
Flavor | Version | Tinstall | Tcheck | Ttotal | Status | Flags |
---|---|---|---|---|---|---|
r-devel-linux-x86_64-debian-clang | 0.1.2 | 3.51 | 54.54 | 58.05 | NOTE | |
r-devel-linux-x86_64-debian-gcc | 0.1.2 | 3.00 | 44.13 | 47.13 | NOTE | |
r-devel-linux-x86_64-fedora-clang | 0.1.2 | 99.69 | OK | |||
r-devel-linux-x86_64-fedora-gcc | 0.1.2 | 106.02 | OK | |||
r-devel-macos-arm64 | 0.1.2 | 41.00 | OK | |||
r-devel-macos-x86_64 | 0.1.2 | 69.00 | OK | |||
r-devel-windows-x86_64 | 0.1.2 | 6.00 | 68.00 | 74.00 | NOTE | |
r-patched-linux-x86_64 | 0.1.2 | 6.91 | 52.01 | 58.92 | OK | |
r-release-linux-x86_64 | 0.1.2 | 3.14 | 52.23 | 55.37 | OK | |
r-release-macos-arm64 | 0.1.2 | 38.00 | OK | |||
r-release-macos-x86_64 | 0.1.2 | 58.00 | OK | |||
r-release-windows-x86_64 | 0.1.2 | 5.00 | 70.00 | 75.00 | OK | |
r-oldrel-macos-arm64 | 0.1.2 | 40.00 | OK | |||
r-oldrel-macos-x86_64 | 0.1.2 | 77.00 | OK | |||
r-oldrel-windows-x86_64 | 0.1.2 | 7.00 | 81.00 | 88.00 | OK |
Version: 0.1.2
Check: Rd cross-references
Result: NOTE
Found the following Rd file(s) with Rd \link{} targets missing package
anchors:
02-util.Rd: xmlParseDoc, igraph
03-main.Rd: igraph, plot.igraph
Please provide package anchors for all Rd \link{} targets not in the
package itself and the base packages.
Flavors: r-devel-linux-x86_64-debian-clang, r-devel-linux-x86_64-debian-gcc, r-devel-windows-x86_64
These binaries (installable software) and packages are in development.
They may not be fully stable and should be used with caution. We make no claims about them.