CRAN Package Check Results for Package WhatIf

Last updated on 2025-05-22 06:52:03 CEST.

Flavor Version Tinstall Tcheck Ttotal Status Flags
r-devel-linux-x86_64-debian-clang 1.5-10 2.41 24.74 27.15 NOTE
r-devel-linux-x86_64-debian-gcc 1.5-10 1.91 20.14 22.05 NOTE
r-devel-linux-x86_64-fedora-clang 1.5-10 41.36 NOTE
r-devel-linux-x86_64-fedora-gcc 1.5-10 52.12 NOTE
r-devel-windows-x86_64 1.5-10 3.00 64.00 67.00 NOTE
r-patched-linux-x86_64 1.5-10 2.25 23.86 26.11 NOTE
r-release-linux-x86_64 1.5-10 2.11 23.69 25.80 NOTE
r-release-macos-arm64 1.5-10 29.00 NOTE
r-release-macos-x86_64 1.5-10 40.00 NOTE
r-release-windows-x86_64 1.5-10 4.00 88.00 92.00 NOTE
r-oldrel-macos-arm64 1.5-10 21.00 NOTE
r-oldrel-macos-x86_64 1.5-10 33.00 NOTE
r-oldrel-windows-x86_64 1.5-10 3.00 53.00 56.00 NOTE

Check Details

Version: 1.5-10
Check: CRAN incoming feasibility
Result: NOTE Maintainer: ‘Soubhik Barari <soubhikbarari@gmail.com>’ No Authors@R field in DESCRIPTION. Please add one, modifying Authors@R: c(person(given = "Heather", family = "Stoll", role = "aut", email = "hstoll@polsci.ucsb.edu"), person(given = "Gary", family = "King", role = "aut", email = "king@harvard.edu"), person(given = "Langche", family = "Zeng", role = "aut", email = "zeng@ucsd.edu"), person(given = "Christopher", family = "Gandrud", role = "aut", email = "zelig.zee@gmail.com"), person(given = "Ben", family = "Sabath", role = "aut"), person(given = "Soubhik", family = "Barari", role = "cre", email = "soubhikbarari@gmail.com")) as necessary. Flavors: r-devel-linux-x86_64-debian-clang, r-devel-linux-x86_64-debian-gcc

Version: 1.5-10
Check: package subdirectories
Result: NOTE Problems with news in ‘NEWS.md’: Cannot extract version info from the following section titles: Major changes Minor changes Flavors: r-devel-linux-x86_64-debian-clang, r-devel-linux-x86_64-debian-gcc, r-devel-linux-x86_64-fedora-clang, r-devel-linux-x86_64-fedora-gcc, r-devel-windows-x86_64, r-patched-linux-x86_64, r-release-linux-x86_64, r-release-macos-arm64, r-release-macos-x86_64, r-release-windows-x86_64, r-oldrel-macos-arm64, r-oldrel-macos-x86_64, r-oldrel-windows-x86_64

These binaries (installable software) and packages are in development.
They may not be fully stable and should be used with caution. We make no claims about them.