Last updated on 2025-05-08 04:51:58 CEST.
Flavor | Version | Tinstall | Tcheck | Ttotal | Status | Flags |
---|---|---|---|---|---|---|
r-devel-linux-x86_64-debian-clang | 1.1.1 | 39.09 | 33.45 | 72.54 | NOTE | |
r-devel-linux-x86_64-debian-gcc | 1.1.1 | 25.84 | 24.74 | 50.58 | NOTE | |
r-devel-linux-x86_64-fedora-clang | 1.1.1 | 129.27 | NOTE | |||
r-devel-linux-x86_64-fedora-gcc | 1.1.1 | 129.87 | NOTE | |||
r-devel-windows-x86_64 | 1.1.1 | 43.00 | 74.00 | 117.00 | OK | |
r-patched-linux-x86_64 | 1.1.1 | 36.18 | 31.95 | 68.13 | OK | |
r-release-linux-x86_64 | 1.1.1 | 35.48 | 32.24 | 67.72 | OK | |
r-release-macos-arm64 | 1.1.1 | 52.00 | OK | |||
r-release-macos-x86_64 | 1.1.1 | 78.00 | OK | |||
r-release-windows-x86_64 | 1.1.1 | 45.00 | 80.00 | 125.00 | OK | |
r-oldrel-macos-arm64 | 1.1.1 | 36.00 | OK | |||
r-oldrel-macos-x86_64 | 1.1.1 | 51.00 | OK | |||
r-oldrel-windows-x86_64 | 1.1.1 | 50.00 | 92.00 | 142.00 | OK |
Version: 1.1.1
Check: CRAN incoming feasibility
Result: NOTE
Maintainer: ‘Nathan Wycoff <nathan.wycoff@georgetown.edu>’
No Authors@R field in DESCRIPTION.
Please add one, modifying
Authors@R: c(person(given = "Nathan",
family = "Wycoff",
role = c("aut", "cre"),
email = "nathan.wycoff@georgetown.edu"),
person(given = "Mickael",
family = "Binois",
role = "aut"))
as necessary.
Flavors: r-devel-linux-x86_64-debian-clang, r-devel-linux-x86_64-debian-gcc
Version: 1.1.1
Check: dependencies in R code
Result: NOTE
Namespaces in Imports field not imported from:
‘MASS’ ‘RcppProgress’
All declared Imports should be used.
Flavors: r-devel-linux-x86_64-fedora-clang, r-devel-linux-x86_64-fedora-gcc
These binaries (installable software) and packages are in development.
They may not be fully stable and should be used with caution. We make no claims about them.