Last updated on 2025-10-25 09:49:23 CEST.
| Flavor | Version | Tinstall | Tcheck | Ttotal | Status | Flags |
|---|---|---|---|---|---|---|
| r-devel-linux-x86_64-debian-clang | 1.1.1 | 34.73 | 36.07 | 70.80 | NOTE | |
| r-devel-linux-x86_64-debian-gcc | 1.1.1 | 23.94 | 26.70 | 50.64 | NOTE | |
| r-devel-linux-x86_64-fedora-clang | 1.1.1 | 73.00 | 55.77 | 128.77 | NOTE | |
| r-devel-linux-x86_64-fedora-gcc | 1.1.1 | 77.00 | 43.27 | 120.27 | NOTE | |
| r-devel-windows-x86_64 | 1.1.1 | 44.00 | 72.00 | 116.00 | OK | |
| r-patched-linux-x86_64 | 1.1.1 | 36.50 | 33.80 | 70.30 | OK | |
| r-release-linux-x86_64 | 1.1.1 | 36.63 | 33.64 | 70.27 | OK | |
| r-release-macos-arm64 | 1.1.1 | 16.00 | 36.00 | 52.00 | OK | |
| r-release-macos-x86_64 | 1.1.1 | 26.00 | 52.00 | 78.00 | OK | |
| r-release-windows-x86_64 | 1.1.1 | 44.00 | 80.00 | 124.00 | OK | |
| r-oldrel-macos-arm64 | 1.1.1 | 16.00 | 20.00 | 36.00 | OK | |
| r-oldrel-macos-x86_64 | 1.1.1 | 14.00 | 37.00 | 51.00 | OK | |
| r-oldrel-windows-x86_64 | 1.1.1 | 53.00 | 93.00 | 146.00 | OK |
Version: 1.1.1
Check: CRAN incoming feasibility
Result: NOTE
Maintainer: ‘Nathan Wycoff <nathan.wycoff@georgetown.edu>’
No Authors@R field in DESCRIPTION.
Please add one, modifying
Authors@R: c(person(given = "Nathan",
family = "Wycoff",
role = c("aut", "cre"),
email = "nathan.wycoff@georgetown.edu"),
person(given = "Mickael",
family = "Binois",
role = "aut"))
as necessary.
Flavors: r-devel-linux-x86_64-debian-clang, r-devel-linux-x86_64-debian-gcc
Version: 1.1.1
Check: dependencies in R code
Result: NOTE
Namespaces in Imports field not imported from:
‘MASS’ ‘RcppProgress’
All declared Imports should be used.
Flavors: r-devel-linux-x86_64-fedora-clang, r-devel-linux-x86_64-fedora-gcc
These binaries (installable software) and packages are in development.
They may not be fully stable and should be used with caution. We make no claims about them.