Last updated on 2025-02-16 10:50:41 CET.
Flavor | Version | Tinstall | Tcheck | Ttotal | Status | Flags |
---|---|---|---|---|---|---|
r-devel-linux-x86_64-debian-clang | 0.0.1 | 6.76 | 58.70 | 65.46 | OK | |
r-devel-linux-x86_64-debian-gcc | 0.0.1 | 5.20 | 42.70 | 47.90 | OK | |
r-devel-linux-x86_64-fedora-clang | 0.0.1 | 103.02 | NOTE | |||
r-devel-linux-x86_64-fedora-gcc | 0.0.1 | 94.14 | NOTE | |||
r-devel-macos-arm64 | 0.0.1 | 31.00 | OK | |||
r-devel-macos-x86_64 | 0.0.1 | 62.00 | OK | |||
r-devel-windows-x86_64 | 0.0.1 | 8.00 | 77.00 | 85.00 | OK | |
r-patched-linux-x86_64 | 0.0.1 | 6.67 | 53.93 | 60.60 | OK | |
r-release-linux-x86_64 | 0.0.1 | 5.88 | 53.87 | 59.75 | OK | |
r-release-macos-arm64 | 0.0.1 | 36.00 | OK | |||
r-release-macos-x86_64 | 0.0.1 | 48.00 | OK | |||
r-release-windows-x86_64 | 0.0.1 | 9.00 | 76.00 | 85.00 | OK | |
r-oldrel-macos-arm64 | 0.0.1 | 35.00 | OK | |||
r-oldrel-macos-x86_64 | 0.0.1 | 50.00 | OK | |||
r-oldrel-windows-x86_64 | 0.0.1 | 11.00 | 85.00 | 96.00 | OK |
Version: 0.0.1
Check: dependencies in R code
Result: NOTE
Namespaces in Imports field not imported from:
‘DBI’ ‘assertthat’ ‘tibble’
All declared Imports should be used.
Flavors: r-devel-linux-x86_64-fedora-clang, r-devel-linux-x86_64-fedora-gcc
These binaries (installable software) and packages are in development.
They may not be fully stable and should be used with caution. We make no claims about them.