Last updated on 2025-05-03 22:49:47 CEST.
Flavor | Version | Tinstall | Tcheck | Ttotal | Status | Flags |
---|---|---|---|---|---|---|
r-devel-linux-x86_64-debian-clang | 0.0.1 | 7.47 | 63.64 | 71.11 | NOTE | |
r-devel-linux-x86_64-debian-gcc | 0.0.1 | 4.89 | 44.03 | 48.92 | NOTE | |
r-devel-linux-x86_64-fedora-clang | 0.0.1 | 98.35 | NOTE | |||
r-devel-linux-x86_64-fedora-gcc | 0.0.1 | 101.92 | NOTE | |||
r-devel-windows-x86_64 | 0.0.1 | 9.00 | 79.00 | 88.00 | OK | |
r-patched-linux-x86_64 | 0.0.1 | 7.82 | 58.33 | 66.15 | OK | |
r-release-linux-x86_64 | OK | |||||
r-release-macos-arm64 | 0.0.1 | 36.00 | OK | |||
r-release-macos-x86_64 | 0.0.1 | 58.00 | OK | |||
r-release-windows-x86_64 | 0.0.1 | 9.00 | 80.00 | 89.00 | OK | |
r-oldrel-macos-arm64 | 0.0.1 | 36.00 | OK | |||
r-oldrel-macos-x86_64 | 0.0.1 | 48.00 | OK | |||
r-oldrel-windows-x86_64 | 0.0.1 | 12.00 | 97.00 | 109.00 | OK |
Version: 0.0.1
Check: CRAN incoming feasibility
Result: NOTE
Maintainer: ‘Rafael Benitez <rabesua@uv.es>’
No Authors@R field in DESCRIPTION.
Please add one, modifying
Authors@R: c(person(given = "Rafael",
family = "Benitez",
role = c("aut", "cre"),
email = "rabesua@uv.es"),
person(given = c("Vicente", "Jose"),
family = "Bolos",
role = "aut"),
person(given = "Jose-Luis",
family = "Toca-Herrera",
role = "aut"))
as necessary.
Flavors: r-devel-linux-x86_64-debian-clang, r-devel-linux-x86_64-debian-gcc
Version: 0.0.1
Check: dependencies in R code
Result: NOTE
Namespaces in Imports field not imported from:
‘DBI’ ‘assertthat’ ‘tibble’
All declared Imports should be used.
Flavors: r-devel-linux-x86_64-fedora-clang, r-devel-linux-x86_64-fedora-gcc
These binaries (installable software) and packages are in development.
They may not be fully stable and should be used with caution. We make no claims about them.