Last updated on 2025-02-19 16:50:40 CET.
Flavor | Version | Tinstall | Tcheck | Ttotal | Status | Flags |
---|---|---|---|---|---|---|
r-devel-linux-x86_64-debian-clang | 1.0.2 | 2.19 | 17.36 | 19.55 | OK | |
r-devel-linux-x86_64-debian-gcc | 1.0.2 | 1.89 | 14.32 | 16.21 | OK | |
r-devel-linux-x86_64-fedora-clang | 1.0.2 | 32.35 | NOTE | |||
r-devel-linux-x86_64-fedora-gcc | 1.0.2 | 31.94 | NOTE | |||
r-devel-macos-arm64 | 1.0.2 | 17.00 | OK | |||
r-devel-macos-x86_64 | 1.0.2 | 24.00 | OK | |||
r-devel-windows-x86_64 | 1.0.2 | 4.00 | 41.00 | 45.00 | OK | |
r-patched-linux-x86_64 | 1.0.2 | 2.31 | 16.86 | 19.17 | OK | |
r-release-linux-x86_64 | 1.0.2 | 2.40 | 16.73 | 19.13 | OK | |
r-release-macos-arm64 | 1.0.2 | 16.00 | OK | |||
r-release-macos-x86_64 | 1.0.2 | 21.00 | OK | |||
r-release-windows-x86_64 | 1.0.2 | 4.00 | 3.00 | 7.00 | FAIL | |
r-oldrel-macos-arm64 | 1.0.2 | 20.00 | OK | |||
r-oldrel-macos-x86_64 | 1.0.2 | 27.00 | OK | |||
r-oldrel-windows-x86_64 | 1.0.2 | 5.00 | 51.00 | 56.00 | OK |
Version: 1.0.2
Check: dependencies in R code
Result: NOTE
Namespace in Imports field not imported from: ‘docstring’
All declared Imports should be used.
Flavors: r-devel-linux-x86_64-fedora-clang, r-devel-linux-x86_64-fedora-gcc
Version: 1.0.2
Check: package dependencies
Result: FAIL
Flavor: r-release-windows-x86_64
These binaries (installable software) and packages are in development.
They may not be fully stable and should be used with caution. We make no claims about them.