Last updated on 2025-11-11 15:50:27 CET.
| Flavor | Version | Tinstall | Tcheck | Ttotal | Status | Flags |
|---|---|---|---|---|---|---|
| r-devel-linux-x86_64-debian-clang | 0.3.0 | 8.11 | 130.55 | 138.66 | NOTE | |
| r-devel-linux-x86_64-debian-gcc | 0.3.0 | 7.15 | 97.21 | 104.36 | NOTE | |
| r-devel-linux-x86_64-fedora-clang | 0.3.0 | 21.00 | 175.38 | 196.38 | NOTE | |
| r-devel-linux-x86_64-fedora-gcc | 0.3.0 | 20.00 | 193.55 | 213.55 | NOTE | |
| r-devel-windows-x86_64 | 0.3.0 | 12.00 | 99.00 | 111.00 | OK | |
| r-patched-linux-x86_64 | 0.3.0 | 8.62 | 122.85 | 131.47 | NOTE | |
| r-release-linux-x86_64 | 0.3.0 | 10.12 | 124.47 | 134.59 | NOTE | |
| r-release-macos-arm64 | 0.3.0 | 4.00 | 40.00 | 44.00 | OK | |
| r-release-macos-x86_64 | 0.3.0 | 8.00 | 78.00 | 86.00 | OK | |
| r-release-windows-x86_64 | 0.3.0 | 12.00 | 98.00 | 110.00 | OK | |
| r-oldrel-macos-arm64 | 0.3.0 | 4.00 | 40.00 | 44.00 | NOTE | |
| r-oldrel-macos-x86_64 | 0.3.0 | 5.00 | 114.00 | 119.00 | OK | |
| r-oldrel-windows-x86_64 | 0.3.0 | 16.00 | 121.00 | 137.00 | NOTE |
Version: 0.3.0
Check: dependencies in R code
Result: NOTE
Flavors: r-devel-linux-x86_64-debian-clang, r-devel-linux-x86_64-debian-gcc, r-patched-linux-x86_64, r-release-linux-x86_64
Version: 0.3.0
Check: dependencies in R code
Result: NOTE
Namespaces in Imports field not imported from:
‘magrittr’ ‘tidyverse’
All declared Imports should be used.
Flavor: r-devel-linux-x86_64-fedora-clang
Version: 0.3.0
Check: dependencies in R code
Result: NOTE
Namespaces in Imports field not imported from:
‘magrittr’ ‘tidyverse’
All declared Imports should be used.
Flavor: r-devel-linux-x86_64-fedora-gcc
Version: 0.3.0
Check: package dependencies
Result: NOTE
Package suggested but not available for checking: ‘metaboliteIDmapping’
Flavors: r-oldrel-macos-arm64, r-oldrel-windows-x86_64
These binaries (installable software) and packages are in development.
They may not be fully stable and should be used with caution. We make no claims about them.