CRAN Package Check Results for Package aroma.affymetrix

Last updated on 2025-04-16 18:50:00 CEST.

Flavor Version Tinstall Tcheck Ttotal Status Flags
r-devel-linux-x86_64-debian-clang 3.2.2 50.44 274.84 325.28 NOTE
r-devel-linux-x86_64-debian-gcc 3.2.2 31.27 174.81 206.08 NOTE
r-devel-linux-x86_64-fedora-clang 3.2.2 537.29 OK
r-devel-linux-x86_64-fedora-gcc 3.2.2 558.01 OK
r-devel-windows-x86_64 3.2.2 57.00 288.00 345.00 NOTE
r-patched-linux-x86_64 3.2.2 57.33 264.15 321.48 NOTE
r-release-linux-x86_64 3.2.2 52.69 266.11 318.80 NOTE
r-release-macos-arm64 3.2.2 113.00 OK
r-release-macos-x86_64 3.2.2 263.00 OK
r-release-windows-x86_64 3.2.2 56.00 284.00 340.00 NOTE
r-oldrel-macos-arm64 3.2.2 100.00 NOTE
r-oldrel-macos-x86_64 3.2.2 175.00 NOTE
r-oldrel-windows-x86_64 3.2.2 72.00 352.00 424.00 NOTE

Check Details

Version: 3.2.2
Check: Rd cross-references
Result: NOTE Found the following Rd file(s) with Rd \link{} targets missing package anchors: SmoothMultiarrayModel.Rd: ChromosomalModel, CopyNumberSegmentationModel byPath.AffymetrixFileSet.Rd: GenericDataFile calculateBaseline.ChipEffectSet.Rd: getAverageFile doCRMAv1.Rd: Verbose doCRMAv2.Rd: Verbose doFIRMA.Rd: Verbose doGCRMA.Rd: Verbose doRMA.Rd: Verbose justRMA.Rd: Verbose Please provide package anchors for all Rd \link{} targets not in the package itself and the base packages. Flavors: r-devel-linux-x86_64-debian-clang, r-devel-linux-x86_64-debian-gcc, r-devel-windows-x86_64, r-patched-linux-x86_64, r-release-linux-x86_64, r-release-windows-x86_64

Version: 3.2.2
Check: package dependencies
Result: NOTE Package suggested but not available for checking: ‘AffymetrixDataTestFiles’ Flavors: r-oldrel-macos-arm64, r-oldrel-macos-x86_64

Version: 3.2.2
Check: installed package size
Result: NOTE installed size is 6.1Mb sub-directories of 1Mb or more: R 3.0Mb help 1.1Mb testScripts 1.1Mb Flavors: r-oldrel-macos-arm64, r-oldrel-macos-x86_64, r-oldrel-windows-x86_64

These binaries (installable software) and packages are in development.
They may not be fully stable and should be used with caution. We make no claims about them.