Last updated on 2025-02-16 10:50:41 CET.
Flavor | Version | Tinstall | Tcheck | Ttotal | Status | Flags |
---|---|---|---|---|---|---|
r-devel-linux-x86_64-debian-clang | 1.7.1 | 10.70 | 69.38 | 80.08 | OK | |
r-devel-linux-x86_64-debian-gcc | 1.7.1 | 7.42 | 45.76 | 53.18 | OK | |
r-devel-linux-x86_64-fedora-clang | 1.7.1 | 133.68 | OK | |||
r-devel-linux-x86_64-fedora-gcc | 1.7.1 | 124.52 | OK | |||
r-devel-macos-arm64 | 1.7.1 | 38.00 | OK | |||
r-devel-macos-x86_64 | 1.7.1 | 87.00 | OK | |||
r-devel-windows-x86_64 | 1.7.1 | 12.00 | 85.00 | 97.00 | OK | |
r-patched-linux-x86_64 | 1.7.1 | 10.10 | 66.19 | 76.29 | OK | |
r-release-linux-x86_64 | 1.7.1 | 11.54 | 64.36 | 75.90 | OK | |
r-release-macos-arm64 | 1.7.1 | 35.00 | OK | |||
r-release-macos-x86_64 | 1.7.1 | 76.00 | OK | |||
r-release-windows-x86_64 | 1.7.1 | 13.00 | 87.00 | 100.00 | OK | |
r-oldrel-macos-arm64 | 1.7.1 | 40.00 | NOTE | |||
r-oldrel-macos-x86_64 | 1.7.1 | 75.00 | NOTE | |||
r-oldrel-windows-x86_64 | 1.7.1 | 16.00 | 96.00 | 112.00 | OK |
Version: 1.7.1
Check: package dependencies
Result: NOTE
Package suggested but not available for checking: ‘GLAD’
Flavors: r-oldrel-macos-arm64, r-oldrel-macos-x86_64
These binaries (installable software) and packages are in development.
They may not be fully stable and should be used with caution. We make no claims about them.