Last updated on 2025-02-16 10:50:42 CET.
Flavor | Version | Tinstall | Tcheck | Ttotal | Status | Flags |
---|---|---|---|---|---|---|
r-devel-linux-x86_64-debian-clang | 1.0.7 | 6.57 | 51.58 | 58.15 | NOTE | |
r-devel-linux-x86_64-debian-gcc | 1.0.7 | 3.99 | 36.59 | 40.58 | NOTE | |
r-devel-linux-x86_64-fedora-clang | 1.0.7 | 94.07 | OK | |||
r-devel-linux-x86_64-fedora-gcc | 1.0.7 | 98.89 | OK | |||
r-devel-macos-arm64 | 1.0.7 | 41.00 | OK | |||
r-devel-macos-x86_64 | 1.0.7 | 69.00 | OK | |||
r-devel-windows-x86_64 | 1.0.7 | 9.00 | 151.00 | 160.00 | NOTE | |
r-patched-linux-x86_64 | 1.0.7 | 8.90 | 47.78 | 56.68 | OK | |
r-release-linux-x86_64 | 1.0.7 | 5.04 | 47.77 | 52.81 | OK | |
r-release-macos-arm64 | 1.0.7 | 38.00 | OK | |||
r-release-macos-x86_64 | 1.0.7 | 83.00 | OK | |||
r-release-windows-x86_64 | 1.0.7 | 8.00 | 151.00 | 159.00 | OK | |
r-oldrel-macos-arm64 | 1.0.7 | 36.00 | OK | |||
r-oldrel-macos-x86_64 | 1.0.7 | 56.00 | OK | |||
r-oldrel-windows-x86_64 | 1.0.7 | 9.00 | 183.00 | 192.00 | OK |
Version: 1.0.7
Check: Rd cross-references
Result: NOTE
Found the following Rd file(s) with Rd \link{} targets missing package
anchors:
bedr.plot.region.Rd: venn.diagram
Please provide package anchors for all Rd \link{} targets not in the
package itself and the base packages.
Flavors: r-devel-linux-x86_64-debian-clang, r-devel-linux-x86_64-debian-gcc, r-devel-windows-x86_64
These binaries (installable software) and packages are in development.
They may not be fully stable and should be used with caution. We make no claims about them.