Last updated on 2025-10-23 21:51:21 CEST.
Flavor | Version | Tinstall | Tcheck | Ttotal | Status | Flags |
---|---|---|---|---|---|---|
r-devel-linux-x86_64-debian-clang | 1.12.21 | 165.81 | 400.76 | 566.57 | OK | |
r-devel-linux-x86_64-debian-gcc | 1.12.21 | 108.00 | 283.59 | 391.59 | OK | |
r-devel-linux-x86_64-fedora-clang | 1.12.21 | 386.00 | 562.25 | 948.25 | OK | |
r-devel-linux-x86_64-fedora-gcc | 1.12.21 | 294.00 | 591.34 | 885.34 | OK | |
r-devel-windows-x86_64 | 1.12.21 | 257.00 | 397.00 | 654.00 | OK | |
r-patched-linux-x86_64 | 1.12.21 | 166.45 | 390.59 | 557.04 | OK | |
r-release-linux-x86_64 | 1.12.21 | 163.59 | 389.03 | 552.62 | OK | |
r-release-macos-arm64 | 1.12.21 | 48.00 | 146.00 | 194.00 | OK | |
r-release-macos-x86_64 | 1.12.21 | 55.00 | 480.00 | 535.00 | OK | |
r-release-windows-x86_64 | 1.12.21 | 267.00 | 394.00 | 661.00 | OK | |
r-oldrel-macos-arm64 | 1.12.21 | 51.00 | 162.00 | 213.00 | NOTE | |
r-oldrel-macos-x86_64 | 1.12.21 | 56.00 | 513.00 | 569.00 | NOTE | |
r-oldrel-windows-x86_64 | 1.12.21 | 299.00 | 535.00 | 834.00 | OK |
Version: 1.12.21
Check: installed package size
Result: NOTE
installed size is 9.9Mb
sub-directories of 1Mb or more:
libs 8.4Mb
Flavors: r-oldrel-macos-arm64, r-oldrel-macos-x86_64
These binaries (installable software) and packages are in development.
They may not be fully stable and should be used with caution. We make no claims about them.