Last updated on 2025-02-19 16:50:41 CET.
Flavor | Version | Tinstall | Tcheck | Ttotal | Status | Flags |
---|---|---|---|---|---|---|
r-devel-linux-x86_64-debian-clang | 1.12.18 | 160.84 | 373.58 | 534.42 | OK | |
r-devel-linux-x86_64-debian-gcc | 1.12.18 | 114.26 | 268.69 | 382.95 | OK | |
r-devel-linux-x86_64-fedora-clang | 1.12.18 | 900.50 | OK | |||
r-devel-linux-x86_64-fedora-gcc | 1.12.18 | 870.75 | OK | |||
r-devel-macos-arm64 | 1.12.18 | 229.00 | OK | |||
r-devel-macos-x86_64 | 1.12.18 | 639.00 | OK | |||
r-devel-windows-x86_64 | 1.12.18 | 230.00 | 380.00 | 610.00 | OK | |
r-patched-linux-x86_64 | 1.12.18 | 164.81 | 366.80 | 531.61 | OK | |
r-release-linux-x86_64 | 1.12.18 | 164.51 | 364.22 | 528.73 | OK | |
r-release-macos-arm64 | 1.12.18 | 232.00 | NOTE | |||
r-release-macos-x86_64 | 1.12.18 | 396.00 | NOTE | |||
r-release-windows-x86_64 | 1.12.18 | 237.00 | 3.00 | 240.00 | FAIL | |
r-oldrel-macos-arm64 | 1.12.18 | 233.00 | NOTE | |||
r-oldrel-macos-x86_64 | 1.12.18 | 457.00 | NOTE | |||
r-oldrel-windows-x86_64 | 1.12.18 | 282.00 | 471.00 | 753.00 | OK |
Version: 1.12.18
Check: installed package size
Result: NOTE
installed size is 9.7Mb
sub-directories of 1Mb or more:
libs 8.3Mb
Flavors: r-release-macos-arm64, r-release-macos-x86_64, r-oldrel-macos-arm64, r-oldrel-macos-x86_64
Version: 1.12.18
Check: package dependencies
Result: FAIL
Flavor: r-release-windows-x86_64
These binaries (installable software) and packages are in development.
They may not be fully stable and should be used with caution. We make no claims about them.