Last updated on 2025-05-08 04:52:00 CEST.
Flavor | Version | Tinstall | Tcheck | Ttotal | Status | Flags |
---|---|---|---|---|---|---|
r-devel-linux-x86_64-debian-clang | 1.12.18 | 159.79 | 377.59 | 537.38 | OK | |
r-devel-linux-x86_64-debian-gcc | 1.12.18 | 115.65 | 271.20 | 386.85 | OK | |
r-devel-linux-x86_64-fedora-clang | 1.12.18 | 984.91 | OK | |||
r-devel-linux-x86_64-fedora-gcc | 1.12.18 | 963.45 | OK | |||
r-devel-windows-x86_64 | 1.12.18 | 250.00 | 382.00 | 632.00 | OK | |
r-patched-linux-x86_64 | 1.12.18 | 161.68 | 373.54 | 535.22 | OK | |
r-release-linux-x86_64 | 1.12.18 | 159.29 | 369.47 | 528.76 | OK | |
r-release-macos-arm64 | 1.12.18 | 220.00 | OK | |||
r-release-macos-x86_64 | 1.12.18 | 639.00 | OK | |||
r-release-windows-x86_64 | 1.12.18 | 255.00 | 391.00 | 646.00 | OK | |
r-oldrel-macos-arm64 | 1.12.18 | 232.00 | NOTE | |||
r-oldrel-macos-x86_64 | 1.12.18 | 396.00 | NOTE | |||
r-oldrel-windows-x86_64 | 1.12.18 | 293.00 | 515.00 | 808.00 | OK |
Version: 1.12.18
Check: installed package size
Result: NOTE
installed size is 9.7Mb
sub-directories of 1Mb or more:
libs 8.3Mb
Flavors: r-oldrel-macos-arm64, r-oldrel-macos-x86_64
These binaries (installable software) and packages are in development.
They may not be fully stable and should be used with caution. We make no claims about them.