Last updated on 2025-10-23 11:50:08 CEST.
Flavor | Version | Tinstall | Tcheck | Ttotal | Status | Flags |
---|---|---|---|---|---|---|
r-devel-linux-x86_64-debian-clang | 4.2-6-2 | 47.45 | 440.78 | 488.23 | NOTE | |
r-devel-linux-x86_64-debian-gcc | 4.2-6-2 | 31.18 | 277.53 | 308.71 | OK | |
r-devel-linux-x86_64-fedora-clang | 4.2-6-2 | 217.00 | 594.68 | 811.68 | OK | |
r-devel-linux-x86_64-fedora-gcc | 4.2-6-2 | 101.00 | 654.96 | 755.96 | OK | |
r-devel-windows-x86_64 | 4.2-6-2 | 45.00 | 365.00 | 410.00 | OK | |
r-patched-linux-x86_64 | 4.2-6-2 | 48.21 | 419.60 | 467.81 | OK | |
r-release-linux-x86_64 | 4.2-6-2 | 41.01 | 420.07 | 461.08 | OK | |
r-release-macos-arm64 | 4.2-6-2 | 20.00 | 175.00 | 195.00 | OK | |
r-release-macos-x86_64 | 4.2-6-2 | 39.00 | 311.00 | 350.00 | OK | |
r-release-windows-x86_64 | 4.2-6-2 | 47.00 | 370.00 | 417.00 | OK | |
r-oldrel-macos-arm64 | 4.2-6-2 | 22.00 | 170.00 | 192.00 | OK | |
r-oldrel-macos-x86_64 | 4.2-6-2 | 38.00 | 294.00 | 332.00 | OK | |
r-oldrel-windows-x86_64 | 4.2-6-2 | 63.00 | 511.00 | 574.00 | OK |
Version: 4.2-6-2
Check: HTML version of manual
Result: NOTE
Found the following HTML validation problems:
dot-load_gam_namespace.html:49:1 (dot-load_gam_namespace.Rd:12): Warning: missing </ul> before </div>
Flavor: r-devel-linux-x86_64-debian-clang
These binaries (installable software) and packages are in development.
They may not be fully stable and should be used with caution. We make no claims about them.