CRAN Package Check Results for Package bioseq

Last updated on 2025-05-21 23:48:38 CEST.

Flavor Version Tinstall Tcheck Ttotal Status Flags
r-devel-linux-x86_64-debian-clang 0.1.4 4.98 57.63 62.61 NOTE
r-devel-linux-x86_64-debian-gcc 0.1.4 3.46 42.57 46.03 NOTE
r-devel-linux-x86_64-fedora-clang 0.1.4 95.46 OK
r-devel-linux-x86_64-fedora-gcc 0.1.4 105.08 OK
r-devel-windows-x86_64 0.1.4 7.00 97.00 104.00 OK
r-patched-linux-x86_64 0.1.4 5.81 53.32 59.13 OK
r-release-linux-x86_64 0.1.4 5.24 53.22 58.46 OK
r-release-macos-arm64 0.1.4 36.00 OK
r-release-macos-x86_64 0.1.4 74.00 OK
r-release-windows-x86_64 0.1.4 7.00 91.00 98.00 OK
r-oldrel-macos-arm64 0.1.4 38.00 OK
r-oldrel-macos-x86_64 0.1.4 58.00 OK
r-oldrel-windows-x86_64 0.1.4 8.00 96.00 104.00 OK

Check Details

Version: 0.1.4
Check: CRAN incoming feasibility
Result: NOTE Maintainer: ‘Francois Keck <francois.keck@gmail.com>’ Package CITATION file contains call(s) to old-style citEntry(). Please use bibentry() instead. Flavors: r-devel-linux-x86_64-debian-clang, r-devel-linux-x86_64-debian-gcc

These binaries (installable software) and packages are in development.
They may not be fully stable and should be used with caution. We make no claims about them.