Last updated on 2025-05-01 08:52:28 CEST.
Flavor | Version | Tinstall | Tcheck | Ttotal | Status | Flags |
---|---|---|---|---|---|---|
r-devel-linux-x86_64-debian-clang | 3.1.0 | 26.56 | 125.08 | 151.64 | NOTE | |
r-devel-linux-x86_64-debian-gcc | 3.1.0 | 16.90 | 83.24 | 100.14 | NOTE | |
r-devel-linux-x86_64-fedora-clang | 3.1.0 | 239.24 | OK | |||
r-devel-linux-x86_64-fedora-gcc | 3.1.0 | 222.47 | OK | |||
r-devel-windows-x86_64 | 3.1.0 | 26.00 | 130.00 | 156.00 | NOTE | |
r-patched-linux-x86_64 | 3.1.0 | 29.25 | 116.31 | 145.56 | NOTE | |
r-release-linux-x86_64 | NOTE | |||||
r-release-macos-arm64 | 3.1.0 | 62.00 | OK | |||
r-release-macos-x86_64 | 3.1.0 | 120.00 | OK | |||
r-release-windows-x86_64 | 3.1.0 | 25.00 | 130.00 | 155.00 | NOTE | |
r-oldrel-macos-arm64 | 3.1.0 | 59.00 | OK | |||
r-oldrel-macos-x86_64 | 3.1.0 | 92.00 | OK | |||
r-oldrel-windows-x86_64 | 3.1.0 | 33.00 | 168.00 | 201.00 | OK |
Version: 3.1.0
Check: Rd cross-references
Result: NOTE
Found the following Rd file(s) with Rd \link{} targets missing package
anchors:
plot_global.Rd: data.table
Please provide package anchors for all Rd \link{} targets not in the
package itself and the base packages.
Flavors: r-devel-linux-x86_64-debian-clang, r-devel-linux-x86_64-debian-gcc, r-devel-windows-x86_64, r-patched-linux-x86_64, r-release-linux-x86_64, r-release-windows-x86_64
These binaries (installable software) and packages are in development.
They may not be fully stable and should be used with caution. We make no claims about them.