Last updated on 2025-05-02 06:49:30 CEST.
Flavor | Version | Tinstall | Tcheck | Ttotal | Status | Flags |
---|---|---|---|---|---|---|
r-devel-linux-x86_64-debian-clang | 0.1 | 1.74 | 44.53 | 46.27 | NOTE | |
r-devel-linux-x86_64-debian-gcc | 0.1 | 1.48 | 30.15 | 31.63 | NOTE | |
r-devel-linux-x86_64-fedora-clang | 0.1 | 77.59 | NOTE | |||
r-devel-linux-x86_64-fedora-gcc | 0.1 | 87.35 | NOTE | |||
r-devel-windows-x86_64 | 0.1 | 3.00 | 59.00 | 62.00 | OK | |
r-patched-linux-x86_64 | 0.1 | 1.84 | 42.40 | 44.24 | NOTE | |
r-release-linux-x86_64 | NOTE | |||||
r-release-macos-arm64 | 0.1 | 27.00 | OK | |||
r-release-macos-x86_64 | 0.1 | 49.00 | OK | |||
r-release-windows-x86_64 | 0.1 | 4.00 | 64.00 | 68.00 | OK | |
r-oldrel-macos-arm64 | 0.1 | 30.00 | OK | |||
r-oldrel-macos-x86_64 | 0.1 | 42.00 | OK | |||
r-oldrel-windows-x86_64 | 0.1 | 3.00 | 66.00 | 69.00 | OK |
Version: 0.1
Check: CRAN incoming feasibility
Result: NOTE
Maintainer: ‘Gaston Quero <gastonquero@gmail.com>’
No Authors@R field in DESCRIPTION.
Please add one, modifying
Authors@R: c(person(given = "Gaston",
family = "Quero",
role = c("aut", "cre"),
email = "gastonquero@gmail.com"),
person(given = "Sebastian",
family = "Simondi",
role = "aut",
email = "sebastian.simondi@gmail.com"),
person(given = c("with", "contributions", "from", "Victoria"),
family = "Bonnecarrere",
role = "aut"),
person(given = "Lucia",
family = "Gutierrez",
role = "aut"))
as necessary.
Flavors: r-devel-linux-x86_64-debian-clang, r-devel-linux-x86_64-debian-gcc
Version: 0.1
Check: for non-standard things in the check directory
Result: NOTE
Found the following files/directories:
‘clusterhap_reports’
Flavors: r-devel-linux-x86_64-debian-clang, r-devel-linux-x86_64-debian-gcc, r-devel-linux-x86_64-fedora-clang, r-devel-linux-x86_64-fedora-gcc, r-patched-linux-x86_64, r-release-linux-x86_64
These binaries (installable software) and packages are in development.
They may not be fully stable and should be used with caution. We make no claims about them.