Last updated on 2025-10-24 17:50:37 CEST.
| Flavor | Version | Tinstall | Tcheck | Ttotal | Status | Flags |
|---|---|---|---|---|---|---|
| r-devel-linux-x86_64-debian-clang | 0.4-4 | 10.54 | 90.20 | 100.74 | NOTE | |
| r-devel-linux-x86_64-debian-gcc | 0.4-4 | 6.97 | 66.61 | 73.58 | NOTE | |
| r-devel-linux-x86_64-fedora-clang | 0.4-4 | 13.00 | 95.83 | 108.83 | OK | |
| r-devel-linux-x86_64-fedora-gcc | 0.4-4 | 23.00 | 137.55 | 160.55 | OK | |
| r-devel-windows-x86_64 | 0.4-4 | 13.00 | 118.00 | 131.00 | OK | |
| r-patched-linux-x86_64 | 0.4-4 | 9.72 | 86.26 | 95.98 | OK | |
| r-release-linux-x86_64 | 0.4-4 | 9.73 | 87.87 | 97.60 | OK | |
| r-release-macos-arm64 | 0.4-4 | 7.00 | 56.00 | 63.00 | OK | |
| r-release-macos-x86_64 | 0.4-4 | 11.00 | 99.00 | 110.00 | OK | |
| r-release-windows-x86_64 | 0.4-4 | 13.00 | 126.00 | 139.00 | OK | |
| r-oldrel-macos-arm64 | 0.4-4 | 6.00 | 47.00 | 53.00 | OK | |
| r-oldrel-macos-x86_64 | 0.4-4 | 13.00 | 71.00 | 84.00 | OK | |
| r-oldrel-windows-x86_64 | 0.4-4 | 18.00 | 142.00 | 160.00 | OK |
Version: 0.4-4
Check: CRAN incoming feasibility
Result: NOTE
Maintainer: ‘Emmanuel Paradis <Emmanuel.Paradis@ird.fr>’
Package CITATION file contains call(s) to old-style personList() or
as.personList(). Please use c() on person objects instead.
Package CITATION file contains call(s) to old-style citEntry(). Please
use bibentry() instead.
Flavors: r-devel-linux-x86_64-debian-clang, r-devel-linux-x86_64-debian-gcc
These binaries (installable software) and packages are in development.
They may not be fully stable and should be used with caution. We make no claims about them.