Last updated on 2024-06-22 21:47:17 CEST.
Flavor | Version | Tinstall | Tcheck | Ttotal | Status | Flags |
---|---|---|---|---|---|---|
r-devel-linux-x86_64-debian-clang | 0.1.5 | 6.42 | 40.56 | 46.98 | NOTE | |
r-devel-linux-x86_64-debian-gcc | 0.1.5 | 4.30 | 31.36 | 35.66 | NOTE | |
r-devel-linux-x86_64-fedora-clang | 0.1.5 | 57.93 | NOTE | |||
r-devel-linux-x86_64-fedora-gcc | 0.1.5 | 56.84 | NOTE | |||
r-devel-windows-x86_64 | 0.1.5 | 8.00 | 50.00 | 58.00 | OK | |
r-patched-linux-x86_64 | 0.1.5 | 5.30 | 38.27 | 43.57 | NOTE | |
r-release-linux-x86_64 | 0.1.5 | 5.35 | 39.51 | 44.86 | NOTE | |
r-release-macos-arm64 | 0.1.5 | 22.00 | OK | |||
r-release-macos-x86_64 | 0.1.5 | 34.00 | OK | |||
r-release-windows-x86_64 | 0.1.5 | 10.00 | 52.00 | 62.00 | OK | |
r-oldrel-macos-arm64 | 0.1.5 | 22.00 | OK | |||
r-oldrel-macos-x86_64 | 0.1.5 | 32.00 | OK | |||
r-oldrel-windows-x86_64 | 0.1.5 | 10.00 | 55.00 | 65.00 | OK |
Version: 0.1.5
Check: for non-standard things in the check directory
Result: NOTE
Found the following files/directories:
‘cometExactTest_plot.pdf’
Flavors: r-devel-linux-x86_64-debian-clang, r-devel-linux-x86_64-debian-gcc, r-devel-linux-x86_64-fedora-clang, r-devel-linux-x86_64-fedora-gcc, r-patched-linux-x86_64, r-release-linux-x86_64
These binaries (installable software) and packages are in development.
They may not be fully stable and should be used with caution. We make no claims about them.