Last updated on 2025-02-02 16:49:04 CET.
Flavor | Version | Tinstall | Tcheck | Ttotal | Status | Flags |
---|---|---|---|---|---|---|
r-devel-linux-x86_64-debian-clang | 0.1.5 | 4.62 | 31.32 | 35.94 | NOTE | |
r-devel-linux-x86_64-debian-gcc | 0.1.5 | 3.68 | 24.13 | 27.81 | NOTE | |
r-devel-linux-x86_64-fedora-clang | 0.1.5 | 62.02 | NOTE | |||
r-devel-linux-x86_64-fedora-gcc | 0.1.5 | 54.74 | NOTE | |||
r-devel-windows-x86_64 | 0.1.5 | 8.00 | 52.00 | 60.00 | OK | |
r-patched-linux-x86_64 | 0.1.5 | 4.19 | 29.78 | 33.97 | NOTE | |
r-release-linux-x86_64 | 0.1.5 | 4.09 | 29.52 | 33.61 | NOTE | |
r-release-macos-arm64 | 0.1.5 | 22.00 | OK | |||
r-release-macos-x86_64 | 0.1.5 | 34.00 | OK | |||
r-release-windows-x86_64 | 0.1.5 | 9.00 | 52.00 | 61.00 | OK | |
r-oldrel-macos-arm64 | 0.1.5 | 22.00 | OK | |||
r-oldrel-macos-x86_64 | 0.1.5 | 32.00 | OK | |||
r-oldrel-windows-x86_64 | 0.1.5 | 10.00 | 54.00 | 64.00 | OK |
Version: 0.1.5
Check: for non-standard things in the check directory
Result: NOTE
Found the following files/directories:
‘cometExactTest_plot.pdf’
Flavors: r-devel-linux-x86_64-debian-clang, r-devel-linux-x86_64-debian-gcc, r-devel-linux-x86_64-fedora-clang, r-devel-linux-x86_64-fedora-gcc, r-patched-linux-x86_64, r-release-linux-x86_64
These binaries (installable software) and packages are in development.
They may not be fully stable and should be used with caution. We make no claims about them.