Last updated on 2025-05-01 14:49:06 CEST.
Flavor | Version | Tinstall | Tcheck | Ttotal | Status | Flags |
---|---|---|---|---|---|---|
r-devel-linux-x86_64-debian-clang | 0.3.4 | 5.10 | 73.34 | 78.44 | NOTE | |
r-devel-linux-x86_64-debian-gcc | 0.3.4 | 4.42 | 51.39 | 55.81 | OK | |
r-devel-linux-x86_64-fedora-clang | 0.3.4 | 109.38 | OK | |||
r-devel-linux-x86_64-fedora-gcc | 0.3.4 | 105.76 | OK | |||
r-devel-windows-x86_64 | 0.3.4 | 7.00 | 90.00 | 97.00 | OK | |
r-patched-linux-x86_64 | 0.3.4 | 5.39 | 65.50 | 70.89 | OK | |
r-release-linux-x86_64 | OK | |||||
r-release-macos-arm64 | 0.3.4 | 41.00 | OK | |||
r-release-macos-x86_64 | 0.3.4 | 68.00 | OK | |||
r-release-windows-x86_64 | 0.3.4 | 8.00 | 100.00 | 108.00 | OK | |
r-oldrel-macos-arm64 | 0.3.4 | 35.00 | OK | |||
r-oldrel-macos-x86_64 | 0.3.4 | 58.00 | OK | |||
r-oldrel-windows-x86_64 | 0.3.4 | 8.00 | 101.00 | 109.00 | OK |
Version: 0.3.4
Check: examples
Result: NOTE
Examples with CPU (user + system) or elapsed time > 5s
user system elapsed
multiassoc 4.512 0.14 5.609
Flavor: r-devel-linux-x86_64-debian-clang
These binaries (installable software) and packages are in development.
They may not be fully stable and should be used with caution. We make no claims about them.