Last updated on 2025-11-11 17:49:55 CET.
| Flavor | Version | Tinstall | Tcheck | Ttotal | Status | Flags |
|---|---|---|---|---|---|---|
| r-devel-linux-x86_64-debian-clang | 0.6-3 | 5.36 | 40.07 | 45.43 | NOTE | |
| r-devel-linux-x86_64-debian-gcc | 0.6-3 | 4.35 | 33.25 | 37.60 | NOTE | |
| r-devel-linux-x86_64-fedora-clang | 0.6-3 | 12.00 | 46.58 | 58.58 | OK | |
| r-devel-linux-x86_64-fedora-gcc | 0.6-3 | 14.00 | 60.13 | 74.13 | OK | |
| r-devel-windows-x86_64 | 0.6-3 | 12.00 | 93.00 | 105.00 | OK | |
| r-patched-linux-x86_64 | 0.6-3 | 5.49 | 37.80 | 43.29 | OK | |
| r-release-linux-x86_64 | 0.6-3 | 5.48 | 37.68 | 43.16 | OK | |
| r-release-macos-arm64 | 0.6-3 | 3.00 | 33.00 | 36.00 | OK | |
| r-release-macos-x86_64 | 0.6-3 | 6.00 | 62.00 | 68.00 | OK | |
| r-release-windows-x86_64 | 0.6-3 | 11.00 | 88.00 | 99.00 | OK | |
| r-oldrel-macos-arm64 | 0.6-3 | 4.00 | 35.00 | 39.00 | OK | |
| r-oldrel-macos-x86_64 | 0.6-3 | 3.00 | 45.00 | 48.00 | OK | |
| r-oldrel-windows-x86_64 | 0.6-3 | 10.00 | 93.00 | 103.00 | OK |
Version: 0.6-3
Check: CRAN incoming feasibility
Result: NOTE
Maintainer: ‘Drew Schmidt <wrathematics@gmail.com>’
Package CITATION file contains call(s) to old-style citEntry(). Please
use bibentry() instead.
Flavors: r-devel-linux-x86_64-debian-clang, r-devel-linux-x86_64-debian-gcc
These binaries (installable software) and packages are in development.
They may not be fully stable and should be used with caution. We make no claims about them.