Last updated on 2025-07-17 21:50:43 CEST.
Flavor | Version | Tinstall | Tcheck | Ttotal | Status | Flags |
---|---|---|---|---|---|---|
r-devel-linux-x86_64-debian-clang | 1.1.7 | 4.74 | 50.51 | 55.25 | OK | |
r-devel-linux-x86_64-debian-gcc | 1.1.7 | 3.92 | 36.27 | 40.19 | OK | |
r-devel-linux-x86_64-fedora-clang | 1.1.7 | 83.36 | NOTE | |||
r-devel-linux-x86_64-fedora-gcc | 1.1.7 | 77.43 | NOTE | |||
r-devel-windows-x86_64 | 1.1.7 | 8.00 | 64.00 | 72.00 | OK | |
r-patched-linux-x86_64 | 1.1.7 | 5.15 | 48.73 | 53.88 | OK | |
r-release-linux-x86_64 | 1.1.7 | 5.41 | 47.52 | 52.93 | OK | |
r-release-macos-arm64 | 1.1.7 | 34.00 | OK | |||
r-release-macos-x86_64 | 1.1.7 | 46.00 | OK | |||
r-release-windows-x86_64 | 1.1.7 | 9.00 | 66.00 | 75.00 | OK | |
r-oldrel-macos-arm64 | 1.1.7 | 29.00 | NOTE | |||
r-oldrel-macos-x86_64 | 1.1.7 | 41.00 | NOTE | |||
r-oldrel-windows-x86_64 | 1.1.7 | 9.00 | 80.00 | 89.00 | OK |
Version: 1.1.7
Check: dependencies in R code
Result: NOTE
Namespaces in Imports field not imported from:
‘DT’ ‘gbm’
All declared Imports should be used.
Flavors: r-devel-linux-x86_64-fedora-clang, r-devel-linux-x86_64-fedora-gcc
Version: 1.1.7
Check: package dependencies
Result: NOTE
Package suggested but not available for checking: ‘BSgenome.Scerevisiae.UCSC.sacCer3’
Flavors: r-oldrel-macos-arm64, r-oldrel-macos-x86_64
These binaries (installable software) and packages are in development.
They may not be fully stable and should be used with caution. We make no claims about them.