Last updated on 2025-10-23 11:50:10 CEST.
Flavor | Version | Tinstall | Tcheck | Ttotal | Status | Flags |
---|---|---|---|---|---|---|
r-devel-linux-x86_64-debian-clang | 1.1.7 | 5.65 | 53.28 | 58.93 | OK | |
r-devel-linux-x86_64-debian-gcc | 1.1.7 | 3.54 | 36.90 | 40.44 | OK | |
r-devel-linux-x86_64-fedora-clang | 1.1.7 | 13.00 | 83.37 | 96.37 | NOTE | |
r-devel-linux-x86_64-fedora-gcc | 1.1.7 | 48.00 | 34.96 | 82.96 | NOTE | |
r-devel-windows-x86_64 | 1.1.7 | 8.00 | 67.00 | 75.00 | OK | |
r-patched-linux-x86_64 | 1.1.7 | 5.77 | 49.64 | 55.41 | OK | |
r-release-linux-x86_64 | 1.1.7 | 5.86 | 50.11 | 55.97 | OK | |
r-release-macos-arm64 | 1.1.7 | 4.00 | 30.00 | 34.00 | OK | |
r-release-macos-x86_64 | 1.1.7 | 5.00 | 41.00 | 46.00 | OK | |
r-release-windows-x86_64 | 1.1.7 | 9.00 | 68.00 | 77.00 | OK | |
r-oldrel-macos-arm64 | 1.1.7 | 3.00 | 26.00 | 29.00 | NOTE | |
r-oldrel-macos-x86_64 | 1.1.7 | 5.00 | 36.00 | 41.00 | NOTE | |
r-oldrel-windows-x86_64 | 1.1.7 | 11.00 | 81.00 | 92.00 | OK |
Version: 1.1.7
Check: dependencies in R code
Result: NOTE
Namespace in Imports field not imported from: ‘DT’
All declared Imports should be used.
Flavors: r-devel-linux-x86_64-fedora-clang, r-devel-linux-x86_64-fedora-gcc
Version: 1.1.7
Check: package dependencies
Result: NOTE
Package suggested but not available for checking: ‘BSgenome.Scerevisiae.UCSC.sacCer3’
Flavors: r-oldrel-macos-arm64, r-oldrel-macos-x86_64
These binaries (installable software) and packages are in development.
They may not be fully stable and should be used with caution. We make no claims about them.