Last updated on 2024-07-27 15:50:14 CEST.
Flavor | Version | Tinstall | Tcheck | Ttotal | Status | Flags |
---|---|---|---|---|---|---|
r-devel-linux-x86_64-debian-clang | 1.1.7 | 5.48 | 64.43 | 69.91 | OK | |
r-devel-linux-x86_64-debian-gcc | 1.1.7 | OK | ||||
r-devel-linux-x86_64-fedora-clang | 1.1.7 | 90.19 | NOTE | |||
r-devel-linux-x86_64-fedora-gcc | 1.1.7 | 82.01 | NOTE | |||
r-devel-windows-x86_64 | 1.1.7 | 10.00 | 66.00 | 76.00 | OK | |
r-patched-linux-x86_64 | 1.1.7 | OK | ||||
r-release-linux-x86_64 | 1.1.7 | 3.97 | 59.84 | 63.81 | OK | |
r-release-macos-arm64 | 1.1.7 | 29.00 | NOTE | |||
r-release-macos-x86_64 | 1.1.7 | 41.00 | NOTE | |||
r-release-windows-x86_64 | 1.1.7 | 7.00 | 65.00 | 72.00 | OK | |
r-oldrel-macos-arm64 | 1.1.7 | 27.00 | NOTE | |||
r-oldrel-macos-x86_64 | 1.1.7 | 73.00 | NOTE | |||
r-oldrel-windows-x86_64 | 1.1.7 | 8.00 | 74.00 | 82.00 | NOTE |
Version: 1.1.7
Check: dependencies in R code
Result: NOTE
Namespaces in Imports field not imported from:
‘DT’ ‘gbm’
All declared Imports should be used.
Flavors: r-devel-linux-x86_64-fedora-clang, r-devel-linux-x86_64-fedora-gcc
Version: 1.1.7
Check: package dependencies
Result: NOTE
Package suggested but not available for checking: ‘BSgenome.Scerevisiae.UCSC.sacCer3’
Flavors: r-release-macos-arm64, r-release-macos-x86_64, r-oldrel-macos-arm64, r-oldrel-macos-x86_64, r-oldrel-windows-x86_64
These binaries (installable software) and packages are in development.
They may not be fully stable and should be used with caution. We make no claims about them.