CRAN Package Check Results for Package data.table

Last updated on 2025-02-23 07:51:50 CET.

Flavor Version Tinstall Tcheck Ttotal Status Flags
r-devel-linux-x86_64-debian-clang 1.16.4 38.21 268.30 306.51 NOTE
r-devel-linux-x86_64-debian-gcc 1.17.0 31.95 193.52 225.47 NOTE
r-devel-linux-x86_64-fedora-clang 1.17.0 373.82 NOTE
r-devel-linux-x86_64-fedora-gcc 1.17.0 302.80 NOTE
r-devel-macos-arm64 1.16.4 128.00 NOTE
r-devel-macos-x86_64 1.17.0 287.00 NOTE
r-devel-windows-x86_64 1.16.4 59.00 554.00 613.00 NOTE
r-patched-linux-x86_64 1.16.4 49.05 220.32 269.37 OK
r-release-linux-x86_64 1.17.0 38.91 235.96 274.87 OK
r-release-macos-arm64 1.16.4 113.00 NOTE
r-release-macos-x86_64 1.17.0 306.00 NOTE
r-release-windows-x86_64 1.16.4 58.00 546.00 604.00 OK
r-oldrel-macos-arm64 1.16.4 132.00 NOTE
r-oldrel-macos-x86_64 1.17.0 269.00 NOTE
r-oldrel-windows-x86_64 1.16.4 57.00 685.00 742.00 OK

Check Details

Version: 1.16.4
Check: compiled code
Result: NOTE File ‘data.table/libs/data_table.so’: Found non-API calls to R: ‘LEVELS’, ‘SETLENGTH’, ‘SET_GROWABLE_BIT’, ‘SET_TRUELENGTH’, ‘STRING_PTR’, ‘TRUELENGTH’ Compiled code should not call non-API entry points in R. See ‘Writing portable packages’ in the ‘Writing R Extensions’ manual, and section ‘Moving into C API compliance’ for issues with the use of non-API entry points. Flavors: r-devel-linux-x86_64-debian-clang, r-devel-macos-arm64

Version: 1.17.0
Check: compiled code
Result: NOTE File ‘data.table/libs/data_table.so’: Found non-API calls to R: ‘LEVELS’, ‘SETLENGTH’, ‘SET_GROWABLE_BIT’, ‘SET_TRUELENGTH’, ‘TRUELENGTH’ Compiled code should not call non-API entry points in R. See ‘Writing portable packages’ in the ‘Writing R Extensions’ manual, and section ‘Moving into C API compliance’ for issues with the use of non-API entry points. Flavors: r-devel-linux-x86_64-debian-gcc, r-devel-linux-x86_64-fedora-clang, r-devel-linux-x86_64-fedora-gcc, r-devel-macos-x86_64

Version: 1.16.4
Check: compiled code
Result: NOTE File 'data.table/libs/x64/data_table.dll': Found non-API calls to R: 'LEVELS', 'SETLENGTH', 'SET_GROWABLE_BIT', 'SET_TRUELENGTH', 'STRING_PTR', 'TRUELENGTH' Compiled code should not call non-API entry points in R. See 'Writing portable packages' in the 'Writing R Extensions' manual, and section 'Moving into C API compliance' for issues with the use of non-API entry points. Flavor: r-devel-windows-x86_64

Version: 1.16.4
Check: installed package size
Result: NOTE installed size is 5.6Mb sub-directories of 1Mb or more: libs 1.8Mb Flavors: r-release-macos-arm64, r-oldrel-macos-arm64

Version: 1.17.0
Check: installed package size
Result: NOTE installed size is 6.4Mb sub-directories of 1Mb or more: libs 1.8Mb po 1.5Mb Flavors: r-release-macos-x86_64, r-oldrel-macos-x86_64

These binaries (installable software) and packages are in development.
They may not be fully stable and should be used with caution. We make no claims about them.