Last updated on 2024-07-27 15:50:14 CEST.
Flavor | Version | Tinstall | Tcheck | Ttotal | Status | Flags |
---|---|---|---|---|---|---|
r-devel-linux-x86_64-debian-clang | 1.15.4 | 48.66 | 280.37 | 329.03 | NOTE | |
r-devel-linux-x86_64-debian-gcc | 1.15.4 | NOTE | ||||
r-devel-linux-x86_64-fedora-clang | 1.15.4 | 451.35 | NOTE | |||
r-devel-linux-x86_64-fedora-gcc | 1.15.4 | 438.21 | NOTE | |||
r-devel-windows-x86_64 | 1.15.4 | 57.00 | 839.00 | 896.00 | NOTE | |
r-patched-linux-x86_64 | 1.15.4 | OK | ||||
r-release-linux-x86_64 | 1.15.4 | 46.82 | 291.30 | 338.12 | OK | |
r-release-macos-arm64 | 1.15.4 | 111.00 | NOTE | |||
r-release-macos-x86_64 | 1.15.4 | 180.00 | OK | |||
r-release-windows-x86_64 | 1.15.4 | 60.00 | 528.00 | 588.00 | OK | |
r-oldrel-macos-arm64 | 1.15.4 | 150.00 | OK | |||
r-oldrel-macos-x86_64 | 1.15.4 | 412.00 | NOTE | |||
r-oldrel-windows-x86_64 | 1.15.4 | 59.00 | 847.00 | 906.00 | OK |
Version: 1.15.4
Check: compiled code
Result: NOTE
File ‘data.table/libs/data_table.so’:
Found non-API calls to R: ‘LEVELS’, ‘NAMED’, ‘SETLENGTH’,
‘SET_GROWABLE_BIT’, ‘SET_S4_OBJECT’, ‘SET_TRUELENGTH’,
‘SET_TYPEOF’, ‘STRING_PTR’, ‘TRUELENGTH’, ‘UNSET_S4_OBJECT’
Compiled code should not call non-API entry points in R.
See ‘Writing portable packages’ in the ‘Writing R Extensions’ manual,
and section ‘Moving into C API compliance’ for issues with the use of
non-API entry points.
Flavors: r-devel-linux-x86_64-debian-clang, r-devel-linux-x86_64-debian-gcc, r-devel-linux-x86_64-fedora-clang, r-devel-linux-x86_64-fedora-gcc
Version: 1.15.4
Check: compiled code
Result: NOTE
File 'data.table/libs/x64/data_table.dll':
Found non-API calls to R: 'LEVELS', 'NAMED', 'SETLENGTH',
'SET_GROWABLE_BIT', 'SET_S4_OBJECT', 'SET_TRUELENGTH',
'SET_TYPEOF', 'STRING_PTR', 'TRUELENGTH', 'UNSET_S4_OBJECT'
Compiled code should not call non-API entry points in R.
See 'Writing portable packages' in the 'Writing R Extensions' manual,
and section 'Moving into C API compliance' for issues with the use of
non-API entry points.
Flavor: r-devel-windows-x86_64
Version: 1.15.4
Check: Rd cross-references
Result: NOTE
Package unavailable to check Rd xrefs: ‘yaml’
Flavor: r-release-macos-arm64
Version: 1.15.4
Check: installed package size
Result: NOTE
installed size is 5.0Mb
sub-directories of 1Mb or more:
libs 1.8Mb
Flavor: r-oldrel-macos-x86_64
These binaries (installable software) and packages are in development.
They may not be fully stable and should be used with caution. We make no claims about them.