Last updated on 2025-05-01 12:49:26 CEST.
Flavor | Version | Tinstall | Tcheck | Ttotal | Status | Flags |
---|---|---|---|---|---|---|
r-devel-linux-x86_64-debian-clang | 1.19.0 | 13.82 | 392.08 | 405.90 | OK | |
r-devel-linux-x86_64-debian-gcc | 1.19.0 | 7.55 | 246.91 | 254.46 | OK | |
r-devel-linux-x86_64-fedora-clang | 1.19.0 | 687.32 | OK | |||
r-devel-linux-x86_64-fedora-gcc | 1.19.0 | 624.62 | OK | |||
r-devel-windows-x86_64 | 1.19.0 | 16.00 | 424.00 | 440.00 | OK | |
r-patched-linux-x86_64 | 1.19.0 | 14.00 | 374.01 | 388.01 | OK | |
r-release-linux-x86_64 | OK | |||||
r-release-macos-arm64 | 1.19.0 | 174.00 | OK | |||
r-release-macos-x86_64 | 1.19.0 | 368.00 | OK | |||
r-release-windows-x86_64 | 1.19.0 | 19.00 | 437.00 | 456.00 | OK | |
r-oldrel-macos-arm64 | 1.19.0 | 286.00 | NOTE | |||
r-oldrel-macos-x86_64 | 1.19.0 | 384.00 | NOTE | |||
r-oldrel-windows-x86_64 | 1.19.0 | 20.00 | 547.00 | 567.00 | NOTE |
Version: 1.19.0
Check: installed package size
Result: NOTE
installed size is 6.9Mb
sub-directories of 1Mb or more:
doc 5.8Mb
Flavors: r-oldrel-macos-arm64, r-oldrel-macos-x86_64, r-oldrel-windows-x86_64
These binaries (installable software) and packages are in development.
They may not be fully stable and should be used with caution. We make no claims about them.