Last updated on 2025-10-03 03:50:36 CEST.
Flavor | Version | Tinstall | Tcheck | Ttotal | Status | Flags |
---|---|---|---|---|---|---|
r-devel-linux-x86_64-debian-clang | 1.19.1 | 13.81 | 414.53 | 428.34 | OK | |
r-devel-linux-x86_64-debian-gcc | 1.19.1 | 8.32 | 255.58 | 263.90 | OK | |
r-devel-linux-x86_64-fedora-clang | 1.19.1 | 726.45 | OK | |||
r-devel-linux-x86_64-fedora-gcc | 1.19.1 | 726.61 | OK | |||
r-devel-windows-x86_64 | 1.19.1 | 19.00 | 424.00 | 443.00 | OK | |
r-patched-linux-x86_64 | 1.19.1 | 14.28 | 386.80 | 401.08 | OK | |
r-release-linux-x86_64 | 1.19.1 | 13.66 | 389.70 | 403.36 | OK | |
r-release-macos-arm64 | 1.19.1 | 157.00 | OK | |||
r-release-macos-x86_64 | 1.19.1 | 327.00 | OK | |||
r-release-windows-x86_64 | 1.19.1 | 18.00 | 425.00 | 443.00 | OK | |
r-oldrel-macos-arm64 | 1.19.1 | 157.00 | NOTE | |||
r-oldrel-macos-x86_64 | 1.19.1 | 342.00 | NOTE | |||
r-oldrel-windows-x86_64 | 1.19.1 | 24.00 | 563.00 | 587.00 | NOTE |
Version: 1.19.1
Check: installed package size
Result: NOTE
installed size is 6.9Mb
sub-directories of 1Mb or more:
doc 5.8Mb
Flavors: r-oldrel-macos-arm64, r-oldrel-macos-x86_64, r-oldrel-windows-x86_64
These binaries (installable software) and packages are in development.
They may not be fully stable and should be used with caution. We make no claims about them.