Last updated on 2025-07-26 03:49:48 CEST.
Flavor | Version | Tinstall | Tcheck | Ttotal | Status | Flags |
---|---|---|---|---|---|---|
r-devel-linux-x86_64-debian-clang | 2025.1.20 | 14.11 | 182.25 | 196.36 | OK | |
r-devel-linux-x86_64-debian-gcc | 2025.1.20 | 9.20 | 126.71 | 135.91 | OK | |
r-devel-linux-x86_64-fedora-clang | 2025.1.20 | 319.20 | OK | |||
r-devel-linux-x86_64-fedora-gcc | 2025.1.20 | 293.80 | OK | |||
r-devel-windows-x86_64 | 2025.1.20 | 15.00 | 203.00 | 218.00 | OK | |
r-patched-linux-x86_64 | 2025.1.20 | 12.94 | 174.30 | 187.24 | OK | |
r-release-linux-x86_64 | 2025.1.20 | 12.15 | 175.49 | 187.64 | OK | |
r-release-macos-arm64 | 2025.1.20 | 87.00 | WARN | |||
r-release-macos-x86_64 | 2025.1.20 | 157.00 | WARN | |||
r-release-windows-x86_64 | 2025.1.20 | 17.00 | 204.00 | 221.00 | OK | |
r-oldrel-macos-arm64 | 2025.1.20 | 87.00 | WARN | |||
r-oldrel-macos-x86_64 | 2025.1.20 | 152.00 | WARN | |||
r-oldrel-windows-x86_64 | 2025.1.20 | 19.00 | 243.00 | 262.00 | OK |
Version: 2025.1.20
Check: Rd files
Result: WARN
prepare_Rd: package version mismatch:
glmmTMB was built with TMB package version 1.9.16
Current TMB package version is 1.9.17
Please re-install glmmTMB from source or restore original ‘TMB’ package (see '?reinstalling' for more information)
Flavors: r-release-macos-arm64, r-release-macos-x86_64
Version: 2025.1.20
Check: Rd files
Result: WARN
prepare_Rd: package version mismatch:
glmmTMB was built with TMB package version 1.9.15
Current TMB package version is 1.9.16
Please re-install glmmTMB from source or restore original ‘TMB’ package (see '?reinstalling' for more information)
Flavors: r-oldrel-macos-arm64, r-oldrel-macos-x86_64
These binaries (installable software) and packages are in development.
They may not be fully stable and should be used with caution. We make no claims about them.