Last updated on 2025-05-28 15:49:57 CEST.
Flavor | Version | Tinstall | Tcheck | Ttotal | Status | Flags |
---|---|---|---|---|---|---|
r-devel-linux-x86_64-debian-clang | 0.9.6 | 21.90 | 92.11 | 114.01 | OK | |
r-devel-linux-x86_64-debian-gcc | 0.9.6 | 16.24 | 64.22 | 80.46 | OK | |
r-devel-linux-x86_64-fedora-clang | 0.9.6 | 182.40 | OK | |||
r-devel-linux-x86_64-fedora-gcc | 0.9.6 | 184.30 | OK | |||
r-devel-windows-x86_64 | 0.9.6 | 32.00 | 129.00 | 161.00 | OK | |
r-patched-linux-x86_64 | 0.9.6 | 23.61 | 86.49 | 110.10 | OK | |
r-release-linux-x86_64 | 0.9.6 | 22.56 | 85.69 | 108.25 | OK | |
r-release-macos-arm64 | 0.9.6 | 65.00 | OK | |||
r-release-macos-x86_64 | 0.9.6 | 105.00 | OK | |||
r-release-windows-x86_64 | 0.9.6 | 30.00 | 126.00 | 156.00 | OK | |
r-oldrel-macos-arm64 | 0.9.6 | 53.00 | NOTE | |||
r-oldrel-macos-x86_64 | 0.9.6 | 94.00 | NOTE | |||
r-oldrel-windows-x86_64 | 0.9.6 | 36.00 | 158.00 | 194.00 | NOTE |
Version: 0.9.6
Check: installed package size
Result: NOTE
installed size is 5.2Mb
sub-directories of 1Mb or more:
extdata 2.1Mb
libs 2.3Mb
Flavors: r-oldrel-macos-arm64, r-oldrel-macos-x86_64
Version: 0.9.6
Check: LazyData
Result: NOTE
'LazyData' is specified without a 'data' directory
Flavors: r-oldrel-macos-arm64, r-oldrel-macos-x86_64, r-oldrel-windows-x86_64
These binaries (installable software) and packages are in development.
They may not be fully stable and should be used with caution. We make no claims about them.