Last updated on 2025-02-16 10:50:44 CET.
Flavor | Version | Tinstall | Tcheck | Ttotal | Status | Flags |
---|---|---|---|---|---|---|
r-devel-linux-x86_64-debian-clang | 1.4.3 | 9.30 | 80.18 | 89.48 | NOTE | |
r-devel-linux-x86_64-debian-gcc | 1.4.3 | 6.47 | 59.55 | 66.02 | NOTE | |
r-devel-linux-x86_64-fedora-clang | 1.4.3 | 156.03 | NOTE | |||
r-devel-linux-x86_64-fedora-gcc | 1.4.3 | 151.65 | NOTE | |||
r-devel-macos-arm64 | 1.4.3 | 52.00 | OK | |||
r-devel-macos-x86_64 | 1.4.3 | 107.00 | NOTE | |||
r-devel-windows-x86_64 | 1.4.3 | 11.00 | 93.00 | 104.00 | NOTE | |
r-patched-linux-x86_64 | 1.4.3 | 7.61 | 76.58 | 84.19 | OK | |
r-release-linux-x86_64 | 1.4.3 | 8.63 | 76.06 | 84.69 | OK | |
r-release-macos-arm64 | 1.4.3 | 63.00 | OK | |||
r-release-macos-x86_64 | 1.4.3 | 103.00 | OK | |||
r-release-windows-x86_64 | 1.4.3 | 10.00 | 95.00 | 105.00 | OK | |
r-oldrel-macos-arm64 | 1.4.2 | 54.00 | OK | |||
r-oldrel-macos-x86_64 | 1.4.3 | 93.00 | OK | |||
r-oldrel-windows-x86_64 | 1.4.3 | 12.00 | 104.00 | 116.00 | OK |
Version: 1.4.3
Check: DESCRIPTION meta-information
Result: NOTE
Missing dependency on R >= 4.1.0 because package code uses the pipe
|> or function shorthand \(...) syntax added in R 4.1.0.
File(s) using such syntax:
‘diem.r’ ‘internal.r’ ‘rank2map.r’ ‘vcf2diem.r’
Flavors: r-devel-linux-x86_64-debian-clang, r-devel-linux-x86_64-debian-gcc, r-devel-linux-x86_64-fedora-clang, r-devel-linux-x86_64-fedora-gcc, r-devel-macos-x86_64, r-devel-windows-x86_64
These binaries (installable software) and packages are in development.
They may not be fully stable and should be used with caution. We make no claims about them.