Last updated on 2025-07-02 01:51:35 CEST.
Flavor | Version | Tinstall | Tcheck | Ttotal | Status | Flags |
---|---|---|---|---|---|---|
r-devel-linux-x86_64-debian-clang | 0.10-1 | 57.40 | 104.85 | 162.25 | OK | |
r-devel-linux-x86_64-debian-gcc | 0.10-1 | 41.29 | 68.57 | 109.86 | OK | |
r-devel-linux-x86_64-fedora-clang | 0.10-1 | 263.65 | OK | |||
r-devel-linux-x86_64-fedora-gcc | 0.10-1 | 252.51 | OK | |||
r-devel-windows-x86_64 | 0.10-1 | 75.00 | 141.00 | 216.00 | OK | |
r-patched-linux-x86_64 | OK | |||||
r-release-linux-x86_64 | 0.10-1 | 51.18 | 96.36 | 147.54 | OK | |
r-release-macos-arm64 | 0.10-1 | 64.00 | OK | |||
r-release-macos-x86_64 | 0.10-1 | 121.00 | OK | |||
r-release-windows-x86_64 | 0.10-1 | 76.00 | 141.00 | 217.00 | OK | |
r-oldrel-macos-arm64 | 0.10-1 | 72.00 | NOTE | |||
r-oldrel-macos-x86_64 | 0.10-1 | 154.00 | NOTE | |||
r-oldrel-windows-x86_64 | 0.10-1 | 90.00 | 175.00 | 265.00 | OK |
Version: 0.10-1
Check: installed package size
Result: NOTE
installed size is 8.1Mb
sub-directories of 1Mb or more:
libs 6.9Mb
Flavors: r-oldrel-macos-arm64, r-oldrel-macos-x86_64
These binaries (installable software) and packages are in development.
They may not be fully stable and should be used with caution. We make no claims about them.