Last updated on 2025-10-23 17:50:46 CEST.
Flavor | Version | Tinstall | Tcheck | Ttotal | Status | Flags |
---|---|---|---|---|---|---|
r-devel-linux-x86_64-debian-clang | 0.10-1 | 51.64 | 106.26 | 157.90 | OK | |
r-devel-linux-x86_64-debian-gcc | 0.10-1 | 39.79 | 68.17 | 107.96 | OK | |
r-devel-linux-x86_64-fedora-clang | 0.10-1 | 203.00 | 77.33 | 280.33 | OK | |
r-devel-linux-x86_64-fedora-gcc | 0.10-1 | 136.00 | 116.72 | 252.72 | OK | |
r-devel-windows-x86_64 | 0.10-1 | 74.00 | 134.00 | 208.00 | OK | |
r-patched-linux-x86_64 | 0.10-1 | 56.87 | 102.36 | 159.23 | OK | |
r-release-linux-x86_64 | 0.10-1 | 52.22 | 101.10 | 153.32 | OK | |
r-release-macos-arm64 | 0.10-1 | 28.00 | 36.00 | 64.00 | OK | |
r-release-macos-x86_64 | 0.10-1 | 45.00 | 76.00 | 121.00 | OK | |
r-release-windows-x86_64 | 0.10-1 | 78.00 | 140.00 | 218.00 | OK | |
r-oldrel-macos-arm64 | 0.10-1 | 27.00 | 45.00 | 72.00 | NOTE | |
r-oldrel-macos-x86_64 | 0.10-1 | 61.00 | 93.00 | 154.00 | NOTE | |
r-oldrel-windows-x86_64 | 0.10-1 | 89.00 | 177.00 | 266.00 | OK |
Version: 0.10-1
Check: installed package size
Result: NOTE
installed size is 8.1Mb
sub-directories of 1Mb or more:
libs 6.9Mb
Flavors: r-oldrel-macos-arm64, r-oldrel-macos-x86_64
These binaries (installable software) and packages are in development.
They may not be fully stable and should be used with caution. We make no claims about them.