Last updated on 2025-11-13 01:50:19 CET.
| Flavor | Version | Tinstall | Tcheck | Ttotal | Status | Flags |
|---|---|---|---|---|---|---|
| r-devel-linux-x86_64-debian-clang | 1.0.5 | 22.76 | 219.05 | 241.81 | NOTE | |
| r-devel-linux-x86_64-debian-gcc | 1.0.5 | 17.03 | 146.09 | 163.12 | NOTE | |
| r-devel-linux-x86_64-fedora-clang | 1.0.5 | 132.00 | 271.39 | 403.39 | NOTE | |
| r-devel-linux-x86_64-fedora-gcc | 1.0.5 | 45.00 | 334.49 | 379.49 | NOTE | |
| r-devel-windows-x86_64 | 1.0.5 | 24.00 | 210.00 | 234.00 | NOTE | |
| r-patched-linux-x86_64 | 1.0.5 | 21.86 | 207.97 | 229.83 | NOTE | |
| r-release-linux-x86_64 | 1.0.5 | 22.40 | 212.70 | 235.10 | NOTE | |
| r-release-macos-arm64 | 1.0.5 | 9.00 | 99.00 | 108.00 | NOTE | |
| r-release-macos-x86_64 | 1.0.5 | 17.00 | 176.00 | 193.00 | NOTE | |
| r-release-windows-x86_64 | 1.0.5 | 22.00 | 205.00 | 227.00 | NOTE | |
| r-oldrel-macos-arm64 | 1.0.5 | 9.00 | 88.00 | 97.00 | NOTE | |
| r-oldrel-macos-x86_64 | 1.0.5 | 14.00 | 138.00 | 152.00 | NOTE | |
| r-oldrel-windows-x86_64 | 1.0.5 | 32.00 | 283.00 | 315.00 | NOTE |
Version: 1.0.5
Check: CRAN incoming feasibility
Result: NOTE
Maintainer: ‘Robrecht Cannoodt <rcannood@gmail.com>’
Package CITATION file contains call(s) to old-style citEntry(). Please
use bibentry() instead.
Flavors: r-devel-linux-x86_64-debian-clang, r-devel-linux-x86_64-debian-gcc
Version: 1.0.5
Check: Rd files
Result: NOTE
checkRd: (-1) generate_kinetics.Rd:57: Lost braces; missing escapes or markup?
57 | By default, sampled from {-1, 1} with probabilities {.25, .75}.
| ^
checkRd: (-1) generate_kinetics.Rd:57: Lost braces; missing escapes or markup?
57 | By default, sampled from {-1, 1} with probabilities {.25, .75}.
| ^
Flavors: r-devel-linux-x86_64-debian-clang, r-devel-linux-x86_64-debian-gcc, r-devel-linux-x86_64-fedora-clang, r-devel-linux-x86_64-fedora-gcc, r-devel-windows-x86_64, r-patched-linux-x86_64, r-release-linux-x86_64, r-release-macos-arm64, r-release-macos-x86_64, r-release-windows-x86_64, r-oldrel-macos-arm64, r-oldrel-macos-x86_64, r-oldrel-windows-x86_64
These binaries (installable software) and packages are in development.
They may not be fully stable and should be used with caution. We make no claims about them.