Last updated on 2025-05-01 22:49:39 CEST.
Flavor | Version | Tinstall | Tcheck | Ttotal | Status | Flags |
---|---|---|---|---|---|---|
r-devel-linux-x86_64-debian-clang | 1.0.5 | 21.53 | 211.13 | 232.66 | NOTE | |
r-devel-linux-x86_64-debian-gcc | 1.0.5 | 14.67 | 140.67 | 155.34 | NOTE | |
r-devel-linux-x86_64-fedora-clang | 1.0.5 | 382.97 | NOTE | |||
r-devel-linux-x86_64-fedora-gcc | 1.0.5 | 402.59 | NOTE | |||
r-devel-windows-x86_64 | 1.0.5 | 22.00 | 201.00 | 223.00 | NOTE | |
r-patched-linux-x86_64 | 1.0.5 | 18.97 | 199.63 | 218.60 | NOTE | |
r-release-linux-x86_64 | NOTE | |||||
r-release-macos-arm64 | 1.0.5 | 108.00 | NOTE | |||
r-release-macos-x86_64 | 1.0.5 | 193.00 | NOTE | |||
r-release-windows-x86_64 | 1.0.5 | 21.00 | 220.00 | 241.00 | NOTE | |
r-oldrel-macos-arm64 | 1.0.5 | 97.00 | NOTE | |||
r-oldrel-macos-x86_64 | 1.0.5 | 152.00 | NOTE | |||
r-oldrel-windows-x86_64 | 1.0.5 | 27.00 | 262.00 | 289.00 | NOTE |
Version: 1.0.5
Check: CRAN incoming feasibility
Result: NOTE
Maintainer: ‘Robrecht Cannoodt <rcannood@gmail.com>’
Package CITATION file contains call(s) to old-style citEntry(). Please
use bibentry() instead.
Flavors: r-devel-linux-x86_64-debian-clang, r-devel-linux-x86_64-debian-gcc
Version: 1.0.5
Check: Rd files
Result: NOTE
checkRd: (-1) generate_kinetics.Rd:57: Lost braces; missing escapes or markup?
57 | By default, sampled from {-1, 1} with probabilities {.25, .75}.
| ^
checkRd: (-1) generate_kinetics.Rd:57: Lost braces; missing escapes or markup?
57 | By default, sampled from {-1, 1} with probabilities {.25, .75}.
| ^
Flavors: r-devel-linux-x86_64-debian-clang, r-devel-linux-x86_64-debian-gcc, r-devel-linux-x86_64-fedora-clang, r-devel-linux-x86_64-fedora-gcc, r-devel-windows-x86_64, r-patched-linux-x86_64, r-release-linux-x86_64, r-release-macos-arm64, r-release-macos-x86_64, r-release-windows-x86_64, r-oldrel-macos-arm64, r-oldrel-macos-x86_64, r-oldrel-windows-x86_64
These binaries (installable software) and packages are in development.
They may not be fully stable and should be used with caution. We make no claims about them.